{"id":27,"date":"2020-09-01T16:19:52","date_gmt":"2020-09-01T19:19:52","guid":{"rendered":"https:\/\/www3.unicentro.br\/cedeteg\/?page_id=27"},"modified":"2020-12-14T14:56:45","modified_gmt":"2020-12-14T17:56:45","slug":"especializacao","status":"publish","type":"page","link":"https:\/\/www3.unicentro.br\/cedeteg\/cursos\/especializacao\/","title":{"rendered":"Especializa\u00e7\u00e3o e Resid\u00eancias"},"content":{"rendered":"<p><span style=\"color: #800000\"><strong><img loading=\"lazy\" decoding=\"async\" class=\"alignright wp-image-102\" src=\"https:\/\/www3.unicentro.br\/cedeteg\/wp-content\/uploads\/sites\/91\/2020\/09\/doctor-563428_1920-300x200.jpg\" alt=\"\" width=\"400\" height=\"267\" srcset=\"https:\/\/www3.unicentro.br\/cedeteg\/wp-content\/uploads\/sites\/91\/2020\/09\/doctor-563428_1920-300x200.jpg 300w, https:\/\/www3.unicentro.br\/cedeteg\/wp-content\/uploads\/sites\/91\/2020\/09\/doctor-563428_1920-1024x683.jpg 1024w, https:\/\/www3.unicentro.br\/cedeteg\/wp-content\/uploads\/sites\/91\/2020\/09\/doctor-563428_1920-768x512.jpg 768w, https:\/\/www3.unicentro.br\/cedeteg\/wp-content\/uploads\/sites\/91\/2020\/09\/doctor-563428_1920-1536x1024.jpg 1536w, https:\/\/www3.unicentro.br\/cedeteg\/wp-content\/uploads\/sites\/91\/2020\/09\/doctor-563428_1920-255x170.jpg 255w, https:\/\/www3.unicentro.br\/cedeteg\/wp-content\/uploads\/sites\/91\/2020\/09\/doctor-563428_1920.jpg 1800w\" sizes=\"auto, (max-width: 400px) 100vw, 400px\" \/><\/strong><\/span>Os Cursos de Especializa\u00e7\u00e3o Lato Sensu em diversas \u00e1reas e Resid\u00eancias da Unicentro s\u00e3o divulgados no site da<span style=\"color: #800000\"> <a style=\"color: #800000\" href=\"https:\/\/www3.unicentro.br\/especializacao\/\" target=\"_blank\" rel=\"noopener noreferrer\">Especializa\u00e7\u00e3o na Unicentro<\/a>.<\/span><\/p>\n<p>&nbsp;<\/p>\n<p>No Campus Cedeteg funcionam, presencialmente, os seguintes Programas de Resid\u00eancia:<br \/>\n<span style=\"color: #800000\"><strong>&#8211; M\u00e9dica em Cl\u00ednica M\u00e9dica<\/strong><\/span><br \/>\n<span style=\"color: #800000\"><strong>&#8211; Multiprofissional em Aten\u00e7\u00e3o Prim\u00e1ria com \u00canfase em Sa\u00fade da Fam\u00edlia<\/strong><\/span><br \/>\n<span style=\"color: #800000\"><strong>&#8211; Enfermagem em Urg\u00eancia e Emerg\u00eancia<\/strong><\/span><br \/>\n<span style=\"color: #800000\"><strong>&#8211; Medicina Veterin\u00e1ria<\/strong><\/span><\/p>\n<p>&nbsp;<\/p>\n<p><strong><span style=\"color: #800000\"><img loading=\"lazy\" decoding=\"async\" class=\"wp-image-540 alignright\" src=\"https:\/\/www3.unicentro.br\/cedeteg\/wp-content\/uploads\/sites\/91\/2020\/12\/health-4385852_640-300x200.jpg\" alt=\"\" width=\"400\" height=\"267\" srcset=\"https:\/\/www3.unicentro.br\/cedeteg\/wp-content\/uploads\/sites\/91\/2020\/12\/health-4385852_640-300x200.jpg 300w, https:\/\/www3.unicentro.br\/cedeteg\/wp-content\/uploads\/sites\/91\/2020\/12\/health-4385852_640-255x170.jpg 255w, https:\/\/www3.unicentro.br\/cedeteg\/wp-content\/uploads\/sites\/91\/2020\/12\/health-4385852_640.jpg 640w\" sizes=\"auto, (max-width: 400px) 100vw, 400px\" \/><\/span>Programas de Resid\u00eancias em Sa\u00fade:\u00a0<\/strong><br \/>\nSecret\u00e1ria: Ivonete de F\u00e1tima Moraes<br \/>\nRamal: 8159<br \/>\nE-mail: ivonete@unicentro.br<\/p>\n<p><strong>Programa de Resid\u00eancia em Medicina Veterin\u00e1ria:<\/strong><br \/>\nCoordenadora: Carla Fredrichsen Moya Araujo<br \/>\nRamal: 8229<br \/>\nE-mail: carlamoya@unicentro.br<\/p>\n","protected":false},"excerpt":{"rendered":"<p>Os Cursos de Especializa\u00e7\u00e3o Lato Sensu em diversas \u00e1reas e Resid\u00eancias da Unicentro s\u00e3o divulgados no site da Especializa\u00e7\u00e3o na Unicentro. &nbsp; No Campus Cedeteg funcionam, presencialmente, os seguintes Programas de Resid\u00eancia: &#8211; M\u00e9dica em Cl\u00ednica M\u00e9dica &#8211; Multiprofissional em Aten\u00e7\u00e3o Prim\u00e1ria com \u00canfase em Sa\u00fade da Fam\u00edlia &#8211; Enfermagem em Urg\u00eancia e Emerg\u00eancia &#8211; [&hellip;]<\/p>\n","protected":false},"author":3,"featured_media":0,"parent":21,"menu_order":0,"comment_status":"closed","ping_status":"closed","template":"","meta":{"_exactmetrics_skip_tracking":false,"_exactmetrics_sitenote_active":false,"_exactmetrics_sitenote_note":"","_exactmetrics_sitenote_category":0,"footnotes":"","_links_to":"","_links_to_target":""},"class_list":["post-27","page","type-page","status-publish","hentry"],"_links":{"self":[{"href":"https:\/\/www3.unicentro.br\/cedeteg\/wp-json\/wp\/v2\/pages\/27","targetHints":{"allow":["GET"]}}],"collection":[{"href":"https:\/\/www3.unicentro.br\/cedeteg\/wp-json\/wp\/v2\/pages"}],"about":[{"href":"https:\/\/www3.unicentro.br\/cedeteg\/wp-json\/wp\/v2\/types\/page"}],"author":[{"embeddable":true,"href":"https:\/\/www3.unicentro.br\/cedeteg\/wp-json\/wp\/v2\/users\/3"}],"replies":[{"embeddable":true,"href":"https:\/\/www3.unicentro.br\/cedeteg\/wp-json\/wp\/v2\/comments?post=27"}],"version-history":[{"count":0,"href":"https:\/\/www3.unicentro.br\/cedeteg\/wp-json\/wp\/v2\/pages\/27\/revisions"}],"up":[{"embeddable":true,"href":"https:\/\/www3.unicentro.br\/cedeteg\/wp-json\/wp\/v2\/pages\/21"}],"wp:attachment":[{"href":"https:\/\/www3.unicentro.br\/cedeteg\/wp-json\/wp\/v2\/media?parent=27"}],"curies":[{"name":"wp","href":"https:\/\/api.w.org\/{rel}","templated":true}]}}