{"id":862,"date":"2021-12-16T21:50:52","date_gmt":"2021-12-17T00:50:52","guid":{"rendered":"https:\/\/www3.unicentro.br\/brinquedoteca\/?page_id=862"},"modified":"2021-12-16T21:50:52","modified_gmt":"2021-12-17T00:50:52","slug":"livros-e-obras","status":"publish","type":"page","link":"https:\/\/www3.unicentro.br\/brinquedoteca\/acervo\/acervo-de-pdfs-de-textos\/livros-e-obras\/","title":{"rendered":"Livros e Obras"},"content":{"rendered":"<p style=\"text-align: justify\"><span style=\"font-size: 14pt;color: #000000\"><a style=\"color: #000000\" href=\"https:\/\/www3.unicentro.br\/brinquedoteca\/wp-content\/uploads\/sites\/117\/2021\/07\/2017-SCHLINDWEIN-Luciane-Maria-LATERMAN-Ilana-PETERS-Leila.-A-CRIANCA-E-O-BRINCAR-NOS-TEMPOS-E-ESPACOS-DA-ESCOLA..pdf\">2017; SCHLINDWEIN, Luciane Maria; LATERMAN, Ilana; PETERS, Leila.<strong>\u00a0A CRIAN\u00c7A E O BRINCAR NOS TEMPOS E ESPA\u00c7OS DA ESCOLA<\/strong><\/a><\/span><\/p>\n<p style=\"text-align: justify\"><span style=\"font-size: 14pt;color: #000000\"><a style=\"color: #000000\" href=\"https:\/\/www3.unicentro.br\/brinquedoteca\/wp-content\/uploads\/sites\/117\/2021\/07\/2018-MORO-Catarina-SOUZA-Gizele-de.-Educacao-infantil-construcao-de-sentidos-e-formacao..pdf\">2018; MORO, Catarina; SOUZA, Gizele de.\u00a0<strong>Educa\u00e7\u00e3o infantil constru\u00e7\u00e3o de sentidos e forma\u00e7\u00e3o<\/strong><\/a><\/span><\/p>\n<p style=\"text-align: justify\"><span style=\"font-size: 14pt;color: #000000\"><a style=\"color: #000000\" href=\"https:\/\/www3.unicentro.br\/brinquedoteca\/wp-content\/uploads\/sites\/117\/2021\/07\/2018-TIRIBA-Lea-BARROS-Maria-Isabel-Amando-de.-Desemparedamento-da-infancia-a-escola-como-lugar-de-encontro-com-a-natureza..pdf\">2018; TIRIBA, Lea; BARROS, Maria Isabel Amando de.\u00a0<strong>Desemparedamento da inf\u00e2ncia a escola como lugar de encontro com a natureza<\/strong><\/a><\/span><\/p>\n<p style=\"text-align: justify\"><span style=\"font-size: 14pt;color: #000000\"><a style=\"color: #000000\" href=\"https:\/\/www3.unicentro.br\/brinquedoteca\/wp-content\/uploads\/sites\/117\/2021\/07\/2019-AMARILHA-Marly-TAVARES-Diva-Sueli-Silva-FREITAS-Alessandra-Cardozo-de.-Educacao-e-Leitura-formar-leitores-formando-se..pdf\">2019; AMARILHA, Marly; TAVARES, Diva Sueli Silva; FREITAS, Alessandra Cardozo de.\u00a0<strong>Educa\u00e7\u00e3o e Leitura formar leitores, formando-se<\/strong><\/a><\/span><\/p>\n<p style=\"text-align: justify\"><span style=\"font-size: 14pt;color: #000000\"><a style=\"color: #000000\" href=\"https:\/\/www3.unicentro.br\/brinquedoteca\/wp-content\/uploads\/sites\/117\/2021\/07\/2019-MORO-Catarina-VIEIRA-Daniele-Marques.-Leituras-em-Educacao-Infantil-contribuicoes-para-a-formacao-docente..pdf\">2019; MORO, Catarina; VIEIRA, Daniele Marques.<strong>\u00a0Leituras em Educa\u00e7\u00e3o Infantil contribui\u00e7\u00f5es para a forma\u00e7\u00e3o docente<\/strong><\/a><\/span><\/p>\n<p style=\"text-align: justify\"><span style=\"font-size: 14pt;color: #000000\"><a style=\"color: #000000\" href=\"https:\/\/www3.unicentro.br\/brinquedoteca\/wp-content\/uploads\/sites\/117\/2021\/07\/2020-Pillotto-Silvia-Sell-Duarte-Linguagens-da-Arte-na-Infancia.pdf\">2020; Pillotto, Silvia Sell Duarte \u2013\u00a0<strong>Linguagens da Arte na Inf\u00e2ncia<\/strong><\/a><\/span><\/p>\n","protected":false},"excerpt":{"rendered":"<p>2017; SCHLINDWEIN, Luciane Maria; LATERMAN, Ilana; PETERS, Leila.\u00a0A CRIAN\u00c7A E O BRINCAR NOS TEMPOS E ESPA\u00c7OS DA ESCOLA 2018; MORO, Catarina; SOUZA, Gizele de.\u00a0Educa\u00e7\u00e3o infantil constru\u00e7\u00e3o de sentidos e forma\u00e7\u00e3o 2018; TIRIBA, Lea; BARROS, Maria Isabel Amando de.\u00a0Desemparedamento da inf\u00e2ncia a escola como lugar de encontro com a natureza 2019; AMARILHA, Marly; TAVARES, Diva Sueli [&hellip;]<\/p>\n","protected":false},"author":358,"featured_media":0,"parent":450,"menu_order":0,"comment_status":"closed","ping_status":"closed","template":"","meta":{"_exactmetrics_skip_tracking":false,"_exactmetrics_sitenote_active":false,"_exactmetrics_sitenote_note":"","_exactmetrics_sitenote_category":0,"footnotes":"","_links_to":"","_links_to_target":""},"class_list":["post-862","page","type-page","status-publish","hentry"],"_links":{"self":[{"href":"https:\/\/www3.unicentro.br\/brinquedoteca\/wp-json\/wp\/v2\/pages\/862","targetHints":{"allow":["GET"]}}],"collection":[{"href":"https:\/\/www3.unicentro.br\/brinquedoteca\/wp-json\/wp\/v2\/pages"}],"about":[{"href":"https:\/\/www3.unicentro.br\/brinquedoteca\/wp-json\/wp\/v2\/types\/page"}],"author":[{"embeddable":true,"href":"https:\/\/www3.unicentro.br\/brinquedoteca\/wp-json\/wp\/v2\/users\/358"}],"replies":[{"embeddable":true,"href":"https:\/\/www3.unicentro.br\/brinquedoteca\/wp-json\/wp\/v2\/comments?post=862"}],"version-history":[{"count":0,"href":"https:\/\/www3.unicentro.br\/brinquedoteca\/wp-json\/wp\/v2\/pages\/862\/revisions"}],"up":[{"embeddable":true,"href":"https:\/\/www3.unicentro.br\/brinquedoteca\/wp-json\/wp\/v2\/pages\/450"}],"wp:attachment":[{"href":"https:\/\/www3.unicentro.br\/brinquedoteca\/wp-json\/wp\/v2\/media?parent=862"}],"curies":[{"name":"wp","href":"https:\/\/api.w.org\/{rel}","templated":true}]}}