{"id":838,"date":"2021-12-16T21:12:40","date_gmt":"2021-12-17T00:12:40","guid":{"rendered":"https:\/\/www3.unicentro.br\/brinquedoteca\/?page_id=838"},"modified":"2021-12-16T21:12:40","modified_gmt":"2021-12-17T00:12:40","slug":"cinco-marias","status":"publish","type":"page","link":"https:\/\/www3.unicentro.br\/brinquedoteca\/brincadeiras\/cinco-marias\/","title":{"rendered":"Cinco Marias"},"content":{"rendered":"<p style=\"text-align: justify\"><span style=\"color: #000000;font-size: 14pt\"><strong>Materiais:<\/strong> cinco saquinhos cheios de areia ou arroz<\/span><\/p>\n<p style=\"text-align: justify\"><strong><span style=\"color: #000000;font-size: 14pt\">Descri\u00e7\u00e3o: <\/span><\/strong><span style=\"color: #000000;font-size: 14pt\">As\u00a0\u201ccinco Marias&#8221; que d\u00e3o nome a brincadeira s\u00e3o os saquinhos de pano cheios de areia ou arroz. Ela consiste em executar uma sequ\u00eancia de movimentos com os saquinhos. H\u00e1 v\u00e1rias fases e ganha quem conseguir executar corretamente todas elas. Quem errar perde a vez, tendo que retomar na pr\u00f3xima rodada de onde parou.<\/span><\/p>\n<p style=\"text-align: justify\"><span style=\"color: #000000;font-size: 14pt\">Fase 1:\u00a0As cinco Marias s\u00e3o lan\u00e7adas no ch\u00e3o. A pessoa escolhe uma delas e a joga para o alto. Enquanto essa est\u00e1 no alto ela deve, com a mesma m\u00e3o, pegar uma das outras quatro que ficaram no solo. Feito isso, deve-se agarrar o saquinho que foi lan\u00e7ado antes que esse caia no ch\u00e3o. Esse movimento deve ser repetido com os demais saquinhos. Quem conseguir pegar todas passa para a pr\u00f3xima fase.<\/span><\/p>\n<p style=\"text-align: justify\"><span style=\"color: #000000;font-size: 14pt\">Fase 2:\u00a0O movimento executado \u00e9 similar ao anterior, contudo deve-se pegar nessa fase os saquinhos que est\u00e3o no solo de dois em dois.<\/span><\/p>\n<p style=\"text-align: justify\"><span style=\"color: #000000;font-size: 14pt\">Fase 3:\u00a0O movimento executado \u00e9 similar aos anteriores, por\u00e9m deve-se na primeira vez pegar um dos saquinhos e na segunda vez os tr\u00eas que restaram de uma vez s\u00f3.<\/span><\/p>\n<p style=\"text-align: justify\"><span style=\"color: #000000;font-size: 14pt\">Fase 4:\u00a0O movimento executado \u00e9 similar aos anteriores, por\u00e9m dessa vez deve-se pegar todos os saquinhos que est\u00e3o no ch\u00e3o de uma s\u00f3 vez.<\/span><\/p>\n<p style=\"text-align: justify\"><span style=\"color: #000000;font-size: 14pt\">Fase 5:\u00a0Todas os saquinhos s\u00e3o colocadas de volta ao ch\u00e3o. Com uma das m\u00e3os, o jogador tem de fazer uma ponte &#8211; com a m\u00e3o esquerda apoiada no solo pelas pontas do polegar e do indicador. Feito isso, deve jogar para cima um dos saquinhos, enquanto passa o outro por baixo da ponte. O jogador deve pegar o que foi lan\u00e7ado antes que este cai no ch\u00e3o. O movimento deve ser repetido at\u00e9 que todos os saquinhos tenham sido passados por debaixo da ponte.<\/span><\/p>\n<p style=\"text-align: justify\"><span style=\"color: #000000;font-size: 14pt\">Fase 6:\u00a0Lan\u00e7a-se todos os saquinhos para o alto. Com a m\u00e3o esquerda o jogador faz um muro na frente das pe\u00e7as,\u00a0apoiando o dedo mindinho e a lateral da m\u00e3o no ch\u00e3o.\u00a0 Ele deve escolher um dos saquinhos e lan\u00e7ar para o alto, ao mesmo tempo, deve transpor cada um deles para o outro lado do muro, sem deixar cair a que est\u00e1 no ar. O jogo termina quando forem transpostas todas as pe\u00e7as para o outro lado.<\/span><\/p>\n<p style=\"text-align: justify\"><span style=\"color: #000000;font-size: 14pt\">Fonte: Projeto mem\u00f3rias, brincadeiras de muitos tempos e lugares\/ <span style=\"color: #0000ff\">\u00a0<a style=\"color: #0000ff\" href=\"http:\/\/www.usp.br\/memorias\/brincadeiras.php?cat=&amp;subcat=&amp;nome=&amp;Submit2=Buscar\">http:\/\/www.usp.br\/memorias\/brincadeiras.php?cat=&amp;subcat=&amp;nome=&amp;Submit2=Buscar <\/a><\/span><\/span><\/p>\n<p style=\"text-align: justify\">\n","protected":false},"excerpt":{"rendered":"<p>Materiais: cinco saquinhos cheios de areia ou arroz Descri\u00e7\u00e3o: As\u00a0\u201ccinco Marias&#8221; que d\u00e3o nome a brincadeira s\u00e3o os saquinhos de pano cheios de areia ou arroz. Ela consiste em executar uma sequ\u00eancia de movimentos com os saquinhos. H\u00e1 v\u00e1rias fases e ganha quem conseguir executar corretamente todas elas. Quem errar perde a vez, tendo que [&hellip;]<\/p>\n","protected":false},"author":358,"featured_media":0,"parent":723,"menu_order":0,"comment_status":"closed","ping_status":"closed","template":"","meta":{"_exactmetrics_skip_tracking":false,"_exactmetrics_sitenote_active":false,"_exactmetrics_sitenote_note":"","_exactmetrics_sitenote_category":0,"footnotes":"","_links_to":"","_links_to_target":""},"class_list":["post-838","page","type-page","status-publish","hentry"],"_links":{"self":[{"href":"https:\/\/www3.unicentro.br\/brinquedoteca\/wp-json\/wp\/v2\/pages\/838","targetHints":{"allow":["GET"]}}],"collection":[{"href":"https:\/\/www3.unicentro.br\/brinquedoteca\/wp-json\/wp\/v2\/pages"}],"about":[{"href":"https:\/\/www3.unicentro.br\/brinquedoteca\/wp-json\/wp\/v2\/types\/page"}],"author":[{"embeddable":true,"href":"https:\/\/www3.unicentro.br\/brinquedoteca\/wp-json\/wp\/v2\/users\/358"}],"replies":[{"embeddable":true,"href":"https:\/\/www3.unicentro.br\/brinquedoteca\/wp-json\/wp\/v2\/comments?post=838"}],"version-history":[{"count":0,"href":"https:\/\/www3.unicentro.br\/brinquedoteca\/wp-json\/wp\/v2\/pages\/838\/revisions"}],"up":[{"embeddable":true,"href":"https:\/\/www3.unicentro.br\/brinquedoteca\/wp-json\/wp\/v2\/pages\/723"}],"wp:attachment":[{"href":"https:\/\/www3.unicentro.br\/brinquedoteca\/wp-json\/wp\/v2\/media?parent=838"}],"curies":[{"name":"wp","href":"https:\/\/api.w.org\/{rel}","templated":true}]}}