{"id":812,"date":"2021-12-16T20:09:39","date_gmt":"2021-12-16T23:09:39","guid":{"rendered":"https:\/\/www3.unicentro.br\/brinquedoteca\/?page_id=812"},"modified":"2021-12-16T20:10:11","modified_gmt":"2021-12-16T23:10:11","slug":"amarelinha","status":"publish","type":"page","link":"https:\/\/www3.unicentro.br\/brinquedoteca\/brincadeiras\/amarelinha\/","title":{"rendered":"Amarelinha"},"content":{"rendered":"<p style=\"text-align: justify\"><span style=\"color: #000000;font-size: 14pt\"><strong>Materiais:<\/strong> Giz\/durex, pedra pequena<\/span><\/p>\n<p style=\"text-align: justify\"><span style=\"color: #000000;font-size: 14pt\"><strong>Descri\u00e7\u00e3o:<\/strong> Brincam quantas crian\u00e7as quiserem e cada uma tem sua pedra. Quando n\u00e3o disputam na f\u00f3rmula de escolha fala: &#8211; Primeira! (ser\u00e1 a primeira) na Segunda! Quem falar em segundo lugar ser\u00e1 a segunda, assim sucessivamente. 1) joga se a pedra na 1\u00aa quadra, n\u00e3o podendo pular nela. Vai com um p\u00e9 s\u00f3, batendo os dois p\u00e9s no ch\u00e3o, na quarta e quinta casa e no c\u00e9u sem fim. 2) Chutinho. Vais se chutando a pedra que foi jogada perto, antes da amarelinha, com um p\u00e9 s\u00f3. A pedra n\u00e3o pode bater na risca, se errar passa para outra crian\u00e7a at\u00e9 chegar sua vez novamente. 3) Na terceira etapa, joga-se sem pedra. Com os olhos vendados diz &#8211; Pisei? As outras respondem: &#8211; N\u00e3o. Assim casa por casa at\u00e9 sua vez. Tamb\u00e9m na terceira casa \u00e9 com um p\u00e9 s\u00f3. E os dois p\u00e9s na 4\u00aa e 5\u00aa casas. 4) tirar casa &#8211; de costas joga-se a pedra para tr\u00e1s, onde cair, essa Casa ser\u00e1 exclu\u00edda. Risca-se com giz a mesma, podendo pisar nela com os dois p\u00e9s. Amarelinha: uma das mais famosas atividades de educa\u00e7\u00e3o f\u00edsica infantil<\/span><\/p>\n<p style=\"text-align: justify\"><span style=\"color: #000000;font-size: 14pt\">Em alguns lugares ela \u00e9 chamada de mar\u00e9, em outros locais \u00e9 chamada de macaca. Independente do nome dado, \u00e9 uma brincadeira que n\u00e3o pode faltar em sua lista de atividades.<\/span><\/p>\n<p style=\"text-align: justify\"><span style=\"color: #000000;font-size: 14pt\">Para brincar, voc\u00ea pode desenhar no ch\u00e3o quadrados que v\u00e3o de um a nove. Os n\u00fameros 1, 4, 7 e 10 s\u00e3o desenhados isoladamente, enquanto os n\u00fameros 2, 3, 5, 6, 8 e 9 s\u00e3o desenhados lado a lado. Acima do n\u00famero 10 tem um semic\u00edrculo com a palavra \u201cc\u00e9u\u201d, que \u00e9 onde os brincantes devem chegar. Cada jogador tem uma pequena pedrinha e arremessa ela partindo da casa 1. S\u00f3 se pode p\u00f4r um p\u00e9 em cada casa, em casas que est\u00e3o lado a lado pode-se p\u00f4r os dois p\u00e9s.<\/span><\/p>\n<p style=\"text-align: justify\"><span style=\"color: #000000;font-size: 14pt\">Ganha a brincadeira quem terminar todas as casas primeiro.<\/span><\/p>\n<p style=\"text-align: justify\"><span style=\"color: #000000;font-size: 14pt\">Fonte: Labrinp (Laborat\u00f3rio de Brinquedos e Materiais) <span style=\"color: #3366ff\"><a style=\"color: #3366ff\" href=\"http:\/\/www.labrimp.fe.usp.br\/?action=brincadeira\">http:\/\/www.labrimp.fe.usp.br\/?action=brincadeira<\/a><\/span><\/span><\/p>\n","protected":false},"excerpt":{"rendered":"<p>Materiais: Giz\/durex, pedra pequena Descri\u00e7\u00e3o: Brincam quantas crian\u00e7as quiserem e cada uma tem sua pedra. Quando n\u00e3o disputam na f\u00f3rmula de escolha fala: &#8211; Primeira! (ser\u00e1 a primeira) na Segunda! Quem falar em segundo lugar ser\u00e1 a segunda, assim sucessivamente. 1) joga se a pedra na 1\u00aa quadra, n\u00e3o podendo pular nela. Vai com um [&hellip;]<\/p>\n","protected":false},"author":358,"featured_media":0,"parent":723,"menu_order":0,"comment_status":"closed","ping_status":"closed","template":"","meta":{"_exactmetrics_skip_tracking":false,"_exactmetrics_sitenote_active":false,"_exactmetrics_sitenote_note":"","_exactmetrics_sitenote_category":0,"footnotes":"","_links_to":"","_links_to_target":""},"class_list":["post-812","page","type-page","status-publish","hentry"],"_links":{"self":[{"href":"https:\/\/www3.unicentro.br\/brinquedoteca\/wp-json\/wp\/v2\/pages\/812","targetHints":{"allow":["GET"]}}],"collection":[{"href":"https:\/\/www3.unicentro.br\/brinquedoteca\/wp-json\/wp\/v2\/pages"}],"about":[{"href":"https:\/\/www3.unicentro.br\/brinquedoteca\/wp-json\/wp\/v2\/types\/page"}],"author":[{"embeddable":true,"href":"https:\/\/www3.unicentro.br\/brinquedoteca\/wp-json\/wp\/v2\/users\/358"}],"replies":[{"embeddable":true,"href":"https:\/\/www3.unicentro.br\/brinquedoteca\/wp-json\/wp\/v2\/comments?post=812"}],"version-history":[{"count":0,"href":"https:\/\/www3.unicentro.br\/brinquedoteca\/wp-json\/wp\/v2\/pages\/812\/revisions"}],"up":[{"embeddable":true,"href":"https:\/\/www3.unicentro.br\/brinquedoteca\/wp-json\/wp\/v2\/pages\/723"}],"wp:attachment":[{"href":"https:\/\/www3.unicentro.br\/brinquedoteca\/wp-json\/wp\/v2\/media?parent=812"}],"curies":[{"name":"wp","href":"https:\/\/api.w.org\/{rel}","templated":true}]}}