{"id":76,"date":"2021-03-25T17:58:25","date_gmt":"2021-03-25T20:58:25","guid":{"rendered":"https:\/\/www3.unicentro.br\/brinquedoteca\/?page_id=76"},"modified":"2021-04-13T21:40:03","modified_gmt":"2021-04-14T00:40:03","slug":"semana-do-brincar-e-ler-discussoes-emergentes","status":"publish","type":"page","link":"https:\/\/www3.unicentro.br\/brinquedoteca\/acervo\/eventos\/semana-do-brincar-e-ler-discussoes-emergentes\/","title":{"rendered":"Semana do Brincar e Ler em Tempos de Pandemia: Discuss\u00f5es Emergentes"},"content":{"rendered":"<p><img loading=\"lazy\" decoding=\"async\" class=\"wp-image-70 alignleft\" src=\"https:\/\/www3.unicentro.br\/brinquedoteca\/wp-content\/uploads\/sites\/117\/2021\/03\/Copia-de-Post-Colorido-de-Loja-de-Brinquedos-para-Redes-Sociais-6.png\" alt=\"\" width=\"414\" height=\"414\" srcset=\"https:\/\/www3.unicentro.br\/brinquedoteca\/wp-content\/uploads\/sites\/117\/2021\/03\/Copia-de-Post-Colorido-de-Loja-de-Brinquedos-para-Redes-Sociais-6.png 1200w, https:\/\/www3.unicentro.br\/brinquedoteca\/wp-content\/uploads\/sites\/117\/2021\/03\/Copia-de-Post-Colorido-de-Loja-de-Brinquedos-para-Redes-Sociais-6-768x768.png 768w, https:\/\/www3.unicentro.br\/brinquedoteca\/wp-content\/uploads\/sites\/117\/2021\/03\/Copia-de-Post-Colorido-de-Loja-de-Brinquedos-para-Redes-Sociais-6-50x50.png 50w, https:\/\/www3.unicentro.br\/brinquedoteca\/wp-content\/uploads\/sites\/117\/2021\/03\/Copia-de-Post-Colorido-de-Loja-de-Brinquedos-para-Redes-Sociais-6-80x80.png 80w, https:\/\/www3.unicentro.br\/brinquedoteca\/wp-content\/uploads\/sites\/117\/2021\/03\/Copia-de-Post-Colorido-de-Loja-de-Brinquedos-para-Redes-Sociais-6-263x263.png 263w, https:\/\/www3.unicentro.br\/brinquedoteca\/wp-content\/uploads\/sites\/117\/2021\/03\/Copia-de-Post-Colorido-de-Loja-de-Brinquedos-para-Redes-Sociais-6-100x100.png 100w, https:\/\/www3.unicentro.br\/brinquedoteca\/wp-content\/uploads\/sites\/117\/2021\/03\/Copia-de-Post-Colorido-de-Loja-de-Brinquedos-para-Redes-Sociais-6-526x526.png 526w, https:\/\/www3.unicentro.br\/brinquedoteca\/wp-content\/uploads\/sites\/117\/2021\/03\/Copia-de-Post-Colorido-de-Loja-de-Brinquedos-para-Redes-Sociais-6-255x255.png 255w\" sizes=\"auto, (max-width: 414px) 100vw, 414px\" \/><span style=\"font-size: 14pt;color: #000000\">O Laborat\u00f3rio de Educa\u00e7\u00e3o Infantil \u2013 Brinquedoteca e Sala de Leitura \u2013 convida a comunidade acad\u00eamica para participar da Semana do Brincar e Ler em Tempos de Pandemia: Discuss\u00f5es Emergentes que ocorrer\u00e1 nos dias 12 a 16 de abril com as seguintes atividades:<\/span><\/p>\n<p><span style=\"color: #0000ff\"><span style=\"font-size: 18.6667px\">\u2022\u00a0<\/span><a style=\"font-size: 18.6667px;color: #0000ff\" href=\"https:\/\/www3.unicentro.br\/brinquedoteca\/eventos\/semana-do-brincar-e-ler-discussoes-emergentes\/oficina-brincando-com-minhas-emocoes-como-cuidar-da-nossa-saude-mental-em-tempos-de-pandemia\/\">OFICINA<\/a><span style=\"font-size: 18.6667px\">;\u00a0<\/span><\/span><br \/>\n<span style=\"font-size: 14pt;color: #0000ff\">\u2022 <a style=\"color: #0000ff\" href=\"https:\/\/www3.unicentro.br\/brinquedoteca\/eventos\/semana-do-brincar-e-ler-discussoes-emergentes\/mural-virtual\/\">MURAL VIRTUAL<\/a>;<\/span><br \/>\n<span style=\"color: #0000ff\"><span style=\"font-size: 14pt\">\u2022 <a style=\"color: #0000ff\" href=\"https:\/\/www3.unicentro.br\/brinquedoteca\/eventos\/semana-do-brincar-e-ler-discussoes-emergentes\/conversa-de-crianca\/\">PODCAST<\/a><\/span><span style=\"font-size: 14pt\">;<\/span><\/span><br \/>\n<span style=\"font-size: 14pt;color: #0000ff\">\u2022 <a style=\"color: #0000ff\" href=\"https:\/\/www3.unicentro.br\/brinquedoteca\/eventos\/semana-do-brincar-e-ler-discussoes-emergentes\/roda-de-conversa\/\">RODA DE CONVERSA<\/a>;<\/span><br \/>\n<span style=\"font-size: 14pt;color: #0000ff\">\u2022 <a style=\"color: #0000ff\" href=\"https:\/\/www3.unicentro.br\/brinquedoteca\/eventos\/semana-do-brincar-e-ler-discussoes-emergentes\/contacao-de-historia\/\">CONTA\u00c7\u00c3O DE HIST\u00d3RIA.<\/a><\/span><br \/>\n<span style=\"font-size: 14pt\"><span style=\"color: #000000\">As inscri\u00e7\u00f5es podem ser feitas atrav\u00e9s do link:<\/span> <span style=\"color: #0000ff\">https:\/\/forms.gle\/2YxHhzDfadTcxhsd7<\/span><\/span><\/p>\n","protected":false},"excerpt":{"rendered":"<p>O Laborat\u00f3rio de Educa\u00e7\u00e3o Infantil \u2013 Brinquedoteca e Sala de Leitura \u2013 convida a comunidade acad\u00eamica para participar da Semana do Brincar e Ler em Tempos de Pandemia: Discuss\u00f5es Emergentes que ocorrer\u00e1 nos dias 12 a 16 de abril com as seguintes atividades: \u2022\u00a0OFICINA;\u00a0 \u2022 MURAL VIRTUAL; \u2022 PODCAST; \u2022 RODA DE CONVERSA; \u2022 CONTA\u00c7\u00c3O [&hellip;]<\/p>\n","protected":false},"author":358,"featured_media":0,"parent":35,"menu_order":0,"comment_status":"closed","ping_status":"closed","template":"","meta":{"_exactmetrics_skip_tracking":false,"_exactmetrics_sitenote_active":false,"_exactmetrics_sitenote_note":"","_exactmetrics_sitenote_category":0,"footnotes":"","_links_to":"","_links_to_target":""},"class_list":["post-76","page","type-page","status-publish","hentry"],"_links":{"self":[{"href":"https:\/\/www3.unicentro.br\/brinquedoteca\/wp-json\/wp\/v2\/pages\/76","targetHints":{"allow":["GET"]}}],"collection":[{"href":"https:\/\/www3.unicentro.br\/brinquedoteca\/wp-json\/wp\/v2\/pages"}],"about":[{"href":"https:\/\/www3.unicentro.br\/brinquedoteca\/wp-json\/wp\/v2\/types\/page"}],"author":[{"embeddable":true,"href":"https:\/\/www3.unicentro.br\/brinquedoteca\/wp-json\/wp\/v2\/users\/358"}],"replies":[{"embeddable":true,"href":"https:\/\/www3.unicentro.br\/brinquedoteca\/wp-json\/wp\/v2\/comments?post=76"}],"version-history":[{"count":0,"href":"https:\/\/www3.unicentro.br\/brinquedoteca\/wp-json\/wp\/v2\/pages\/76\/revisions"}],"up":[{"embeddable":true,"href":"https:\/\/www3.unicentro.br\/brinquedoteca\/wp-json\/wp\/v2\/pages\/35"}],"wp:attachment":[{"href":"https:\/\/www3.unicentro.br\/brinquedoteca\/wp-json\/wp\/v2\/media?parent=76"}],"curies":[{"name":"wp","href":"https:\/\/api.w.org\/{rel}","templated":true}]}}