{"id":591,"date":"2021-08-30T07:37:37","date_gmt":"2021-08-30T10:37:37","guid":{"rendered":"https:\/\/www3.unicentro.br\/brinquedoteca\/?page_id=591"},"modified":"2021-08-30T07:39:28","modified_gmt":"2021-08-30T10:39:28","slug":"literatura-indigena","status":"publish","type":"page","link":"https:\/\/www3.unicentro.br\/brinquedoteca\/literatura-indigena\/","title":{"rendered":"Literatura Ind\u00edgena"},"content":{"rendered":"<p><img loading=\"lazy\" decoding=\"async\" class=\"aligncenter wp-image-588\" src=\"https:\/\/www3.unicentro.br\/brinquedoteca\/wp-content\/uploads\/sites\/117\/2021\/08\/Semana-DE-AGOSTO-15-1.jpg\" alt=\"\" width=\"300\" height=\"300\" srcset=\"https:\/\/www3.unicentro.br\/brinquedoteca\/wp-content\/uploads\/sites\/117\/2021\/08\/Semana-DE-AGOSTO-15-1.jpg 1080w, https:\/\/www3.unicentro.br\/brinquedoteca\/wp-content\/uploads\/sites\/117\/2021\/08\/Semana-DE-AGOSTO-15-1-768x768.jpg 768w, https:\/\/www3.unicentro.br\/brinquedoteca\/wp-content\/uploads\/sites\/117\/2021\/08\/Semana-DE-AGOSTO-15-1-50x50.jpg 50w, https:\/\/www3.unicentro.br\/brinquedoteca\/wp-content\/uploads\/sites\/117\/2021\/08\/Semana-DE-AGOSTO-15-1-80x80.jpg 80w, https:\/\/www3.unicentro.br\/brinquedoteca\/wp-content\/uploads\/sites\/117\/2021\/08\/Semana-DE-AGOSTO-15-1-263x263.jpg 263w, https:\/\/www3.unicentro.br\/brinquedoteca\/wp-content\/uploads\/sites\/117\/2021\/08\/Semana-DE-AGOSTO-15-1-100x100.jpg 100w, https:\/\/www3.unicentro.br\/brinquedoteca\/wp-content\/uploads\/sites\/117\/2021\/08\/Semana-DE-AGOSTO-15-1-526x526.jpg 526w, https:\/\/www3.unicentro.br\/brinquedoteca\/wp-content\/uploads\/sites\/117\/2021\/08\/Semana-DE-AGOSTO-15-1-255x255.jpg 255w\" sizes=\"auto, (max-width: 300px) 100vw, 300px\" \/><\/p>\n<p style=\"text-align: justify\"><span style=\"font-size: 14pt;color: #000000\">Pode-se chamar de literatura Ind\u00edgena todos os escritos oficializados por escritores de etnia ind\u00edgena, tamb\u00e9m descritos como; Literatura Nativa, Literatura das Origens, Literatura Amer\u00edndia e Literatura Ind\u00edgena de Tradi\u00e7\u00e3o Oral.<\/span><br \/>\n<span style=\"font-size: 14pt;color: #000000\">A cultura da etnia em quest\u00e3o \u00e9 linda e demarca o ber\u00e7o brasileiro, com certeza vale a pena conhecer e notar as diversidades culturais em nosso pa\u00eds que \u00e9 reconhecido pela mescla de identidades.<\/span><br \/>\n<span style=\"font-size: 14pt;color: #000000\">O Laborat\u00f3rio de Educa\u00e7\u00e3o Infantil prop\u00f5e neste m\u00eas de agosto, que voc\u00ea conhe\u00e7a um pouco mais desta cultura atrav\u00e9s de varias atividades, incluindo algumas obras liter\u00e1rias dispon\u00edveis no acervo da sala de leitura UNICENTRO (LABRINQUEI) e Laborat\u00f3rio de Educa\u00e7\u00e3o do Campo e Ind\u00edgena UNICENTRO (LAECI).<\/span><\/p>\n<p style=\"text-align: justify\"><img loading=\"lazy\" decoding=\"async\" class=\"wp-image-592 alignleft\" src=\"https:\/\/www3.unicentro.br\/brinquedoteca\/wp-content\/uploads\/sites\/117\/2021\/08\/Semana-DE-AGOSTO-16.jpg\" alt=\"\" width=\"300\" height=\"300\" srcset=\"https:\/\/www3.unicentro.br\/brinquedoteca\/wp-content\/uploads\/sites\/117\/2021\/08\/Semana-DE-AGOSTO-16.jpg 1080w, https:\/\/www3.unicentro.br\/brinquedoteca\/wp-content\/uploads\/sites\/117\/2021\/08\/Semana-DE-AGOSTO-16-768x768.jpg 768w, https:\/\/www3.unicentro.br\/brinquedoteca\/wp-content\/uploads\/sites\/117\/2021\/08\/Semana-DE-AGOSTO-16-50x50.jpg 50w, https:\/\/www3.unicentro.br\/brinquedoteca\/wp-content\/uploads\/sites\/117\/2021\/08\/Semana-DE-AGOSTO-16-80x80.jpg 80w, https:\/\/www3.unicentro.br\/brinquedoteca\/wp-content\/uploads\/sites\/117\/2021\/08\/Semana-DE-AGOSTO-16-263x263.jpg 263w, https:\/\/www3.unicentro.br\/brinquedoteca\/wp-content\/uploads\/sites\/117\/2021\/08\/Semana-DE-AGOSTO-16-100x100.jpg 100w, https:\/\/www3.unicentro.br\/brinquedoteca\/wp-content\/uploads\/sites\/117\/2021\/08\/Semana-DE-AGOSTO-16-526x526.jpg 526w, https:\/\/www3.unicentro.br\/brinquedoteca\/wp-content\/uploads\/sites\/117\/2021\/08\/Semana-DE-AGOSTO-16-255x255.jpg 255w\" sizes=\"auto, (max-width: 300px) 100vw, 300px\" \/><\/p>\n<p>&nbsp;<\/p>\n<p style=\"text-align: justify\"><span style=\"font-size: 14pt;color: #000000\">A primeira sugest\u00e3o de literatura Ind\u00edgena \u00e9 o livro <strong>DESCOBRINDO O XINGU.<\/strong><\/span><br \/>\n<span style=\"font-size: 14pt;color: #000000\">Nesse livro, voc\u00ea vai conhecer um pouquinho sobre o parque ind\u00edgena do Xingu! Divirta-se encontrando, em cada p\u00e1gina, os moradores dos diferentes povos e descobrindo os h\u00e1bitos e pr\u00e1ticas dessa rica cultura. Onde fica o Xingu? Quem mora l\u00e1? Como as pessoas vivem nesse local? Como as crian\u00e7as brincam por l\u00e1?<\/span><\/p>\n<p>&nbsp;<\/p>\n<p>&nbsp;<\/p>\n<p>&nbsp;<\/p>\n<p>&nbsp;<\/p>\n<p style=\"text-align: justify\"><img loading=\"lazy\" decoding=\"async\" class=\"wp-image-593 alignleft\" src=\"https:\/\/www3.unicentro.br\/brinquedoteca\/wp-content\/uploads\/sites\/117\/2021\/08\/Semana-DE-AGOSTO-17.jpg\" alt=\"\" width=\"300\" height=\"300\" srcset=\"https:\/\/www3.unicentro.br\/brinquedoteca\/wp-content\/uploads\/sites\/117\/2021\/08\/Semana-DE-AGOSTO-17.jpg 1080w, https:\/\/www3.unicentro.br\/brinquedoteca\/wp-content\/uploads\/sites\/117\/2021\/08\/Semana-DE-AGOSTO-17-768x768.jpg 768w, https:\/\/www3.unicentro.br\/brinquedoteca\/wp-content\/uploads\/sites\/117\/2021\/08\/Semana-DE-AGOSTO-17-50x50.jpg 50w, https:\/\/www3.unicentro.br\/brinquedoteca\/wp-content\/uploads\/sites\/117\/2021\/08\/Semana-DE-AGOSTO-17-80x80.jpg 80w, https:\/\/www3.unicentro.br\/brinquedoteca\/wp-content\/uploads\/sites\/117\/2021\/08\/Semana-DE-AGOSTO-17-263x263.jpg 263w, https:\/\/www3.unicentro.br\/brinquedoteca\/wp-content\/uploads\/sites\/117\/2021\/08\/Semana-DE-AGOSTO-17-100x100.jpg 100w, https:\/\/www3.unicentro.br\/brinquedoteca\/wp-content\/uploads\/sites\/117\/2021\/08\/Semana-DE-AGOSTO-17-526x526.jpg 526w, https:\/\/www3.unicentro.br\/brinquedoteca\/wp-content\/uploads\/sites\/117\/2021\/08\/Semana-DE-AGOSTO-17-255x255.jpg 255w\" sizes=\"auto, (max-width: 300px) 100vw, 300px\" \/><\/p>\n<p>&nbsp;<\/p>\n<p style=\"text-align: justify\"><span style=\"font-size: 14pt;color: #000000\">Nossa segunda indica\u00e7\u00e3o de literatura ind\u00edgena \u00e9 o livro <strong>DIZ A LENDA.<\/strong><\/span><\/p>\n<p><span style=\"font-size: 14pt;color: #000000\">Esse livro nos conta sobre um tempo em que os \u00edndios ainda n\u00e3o sabiam plantar ro\u00e7as e para se alimentar, eles ca\u00e7avam, pescavam e colhiam frutos silvestres. Por causa disso, n\u00e3o podiam parar muito tempo em um lugar. Era isso que acontecia com a tribo do velho \u00edndio Auati e de sua neta Maiara. Mas daquela vez, Auati sentiu-se sem for\u00e7as para acompanhar o grupo e decidiu ficar. Vem conhecer o resto dessa hist\u00f3ria lendo o livro Diz a lenda.<\/span><\/p>\n<p>&nbsp;<\/p>\n<p>&nbsp;<\/p>\n<p>&nbsp;<\/p>\n<p style=\"text-align: justify\"><span style=\"font-size: 14pt;color: #000000\"><img loading=\"lazy\" decoding=\"async\" class=\"wp-image-594 alignleft\" src=\"https:\/\/www3.unicentro.br\/brinquedoteca\/wp-content\/uploads\/sites\/117\/2021\/08\/Semana-DE-AGOSTO-18.jpg\" alt=\"\" width=\"300\" height=\"300\" srcset=\"https:\/\/www3.unicentro.br\/brinquedoteca\/wp-content\/uploads\/sites\/117\/2021\/08\/Semana-DE-AGOSTO-18.jpg 1080w, https:\/\/www3.unicentro.br\/brinquedoteca\/wp-content\/uploads\/sites\/117\/2021\/08\/Semana-DE-AGOSTO-18-768x768.jpg 768w, https:\/\/www3.unicentro.br\/brinquedoteca\/wp-content\/uploads\/sites\/117\/2021\/08\/Semana-DE-AGOSTO-18-50x50.jpg 50w, https:\/\/www3.unicentro.br\/brinquedoteca\/wp-content\/uploads\/sites\/117\/2021\/08\/Semana-DE-AGOSTO-18-80x80.jpg 80w, https:\/\/www3.unicentro.br\/brinquedoteca\/wp-content\/uploads\/sites\/117\/2021\/08\/Semana-DE-AGOSTO-18-263x263.jpg 263w, https:\/\/www3.unicentro.br\/brinquedoteca\/wp-content\/uploads\/sites\/117\/2021\/08\/Semana-DE-AGOSTO-18-100x100.jpg 100w, https:\/\/www3.unicentro.br\/brinquedoteca\/wp-content\/uploads\/sites\/117\/2021\/08\/Semana-DE-AGOSTO-18-526x526.jpg 526w, https:\/\/www3.unicentro.br\/brinquedoteca\/wp-content\/uploads\/sites\/117\/2021\/08\/Semana-DE-AGOSTO-18-255x255.jpg 255w\" sizes=\"auto, (max-width: 300px) 100vw, 300px\" \/><\/span><\/p>\n<p>&nbsp;<\/p>\n<p>&nbsp;<\/p>\n<p style=\"text-align: justify\"><span style=\"font-size: 14pt;color: #000000\">A \u00faltima indica\u00e7\u00e3o de literatura ind\u00edgena \u00e9 o livro <strong>KAB\u00c1 DAREBU<\/strong>.<\/span><\/p>\n<p><span style=\"font-size: 14pt;color: #000000\">Kab\u00e1 Darebu \u00e9 um menino ind\u00edgena que conta com sabedoria e poesia o jeito de ser da sua gente os Munduruku.<\/span><\/p>\n<p><span style=\"font-size: 14pt;color: #000000\">Esse livro est\u00e1 dispon\u00edvel para empr\u00e9stimo no Laborat\u00f3rio de Educa\u00e7\u00e3o do Campo e Ind\u00edgena (LAECI).<\/span><\/p>\n<p>&nbsp;<\/p>\n<p>&nbsp;<\/p>\n<p>&nbsp;<\/p>\n<p style=\"text-align: center\"><span style=\"font-size: 14pt;color: #000000\">E voc\u00ea conhece alguma literatura Ind\u00edgena?<\/span><\/p>\n","protected":false},"excerpt":{"rendered":"<p>Pode-se chamar de literatura Ind\u00edgena todos os escritos oficializados por escritores de etnia ind\u00edgena, tamb\u00e9m descritos como; Literatura Nativa, Literatura das Origens, Literatura Amer\u00edndia e Literatura Ind\u00edgena de Tradi\u00e7\u00e3o Oral. A cultura da etnia em quest\u00e3o \u00e9 linda e demarca o ber\u00e7o brasileiro, com certeza vale a pena conhecer e notar as diversidades culturais em [&hellip;]<\/p>\n","protected":false},"author":358,"featured_media":0,"parent":0,"menu_order":0,"comment_status":"closed","ping_status":"closed","template":"","meta":{"_exactmetrics_skip_tracking":false,"_exactmetrics_sitenote_active":false,"_exactmetrics_sitenote_note":"","_exactmetrics_sitenote_category":0,"footnotes":"","_links_to":"","_links_to_target":""},"class_list":["post-591","page","type-page","status-publish","hentry"],"_links":{"self":[{"href":"https:\/\/www3.unicentro.br\/brinquedoteca\/wp-json\/wp\/v2\/pages\/591","targetHints":{"allow":["GET"]}}],"collection":[{"href":"https:\/\/www3.unicentro.br\/brinquedoteca\/wp-json\/wp\/v2\/pages"}],"about":[{"href":"https:\/\/www3.unicentro.br\/brinquedoteca\/wp-json\/wp\/v2\/types\/page"}],"author":[{"embeddable":true,"href":"https:\/\/www3.unicentro.br\/brinquedoteca\/wp-json\/wp\/v2\/users\/358"}],"replies":[{"embeddable":true,"href":"https:\/\/www3.unicentro.br\/brinquedoteca\/wp-json\/wp\/v2\/comments?post=591"}],"version-history":[{"count":0,"href":"https:\/\/www3.unicentro.br\/brinquedoteca\/wp-json\/wp\/v2\/pages\/591\/revisions"}],"wp:attachment":[{"href":"https:\/\/www3.unicentro.br\/brinquedoteca\/wp-json\/wp\/v2\/media?parent=591"}],"curies":[{"name":"wp","href":"https:\/\/api.w.org\/{rel}","templated":true}]}}