{"id":26,"date":"2021-03-05T14:04:08","date_gmt":"2021-03-05T17:04:08","guid":{"rendered":"https:\/\/www3.unicentro.br\/brinquedoteca\/?page_id=26"},"modified":"2023-07-13T08:53:05","modified_gmt":"2023-07-13T11:53:05","slug":"objetivos","status":"publish","type":"page","link":"https:\/\/www3.unicentro.br\/brinquedoteca\/sobre\/objetivos\/","title":{"rendered":"Objetivos"},"content":{"rendered":"<ul>\n<li style=\"text-align: justify\">Oportunizar, no campo da educa\u00e7\u00e3o infantil, est\u00e1gios e outras viv\u00eancias pr\u00e1ticas aos alunos do curso de Pedagogia por meio de atendimento especializado \u00e0 comunidade e o oferecimento de diversas atividades, todas permeadas pela concep\u00e7\u00e3o l\u00fadica e pedag\u00f3gica;<\/li>\n<li style=\"text-align: justify\">Propiciar atendimento \u00e0s crian\u00e7as de 2 a 10 anos com momentos de brincar, no sentido do desenvolvimento psicol\u00f3gico, s\u00f3cio-emocional, psicomotor e cognitivo;<\/li>\n<li style=\"text-align: justify\">Proporcionar est\u00e1gios e viv\u00eancias aos alunos do curso de\u00a0Pedagogia, contemplando a rela\u00e7\u00e3o teoria e pr\u00e1tica no que diz\u00a0respeito ao l\u00fadico no contexto educacional;<\/li>\n<li style=\"text-align: justify\">Oferecer um espa\u00e7o onde podem ser desenvolvidas atividades cient\u00edficas e ludicopedag\u00f3gicas, servindo como laborat\u00f3rio de ensino, pesquisa e extens\u00e3o, tanto para docentes quanto para discentes do curso de Pedagogia, visando a produ\u00e7\u00e3o cient\u00edfica;<\/li>\n<li style=\"text-align: justify\">Subsidiar a forma\u00e7\u00e3o profissional de alunos do Curso de Pedagogia como estagi\u00e1rios ou como bolsistas;<\/li>\n<li style=\"text-align: justify\">Analisar, testar, confeccionar brinquedos e brincadeiras, inclusive\u00a0construindo jogos utilizando recursos como sucatas.<\/li>\n<\/ul>\n","protected":false},"excerpt":{"rendered":"<p>Oportunizar, no campo da educa\u00e7\u00e3o infantil, est\u00e1gios e outras viv\u00eancias pr\u00e1ticas aos alunos do curso de Pedagogia por meio de atendimento especializado \u00e0 comunidade e o oferecimento de diversas atividades, todas permeadas pela concep\u00e7\u00e3o l\u00fadica e pedag\u00f3gica; Propiciar atendimento \u00e0s crian\u00e7as de 2 a 10 anos com momentos de brincar, no sentido do desenvolvimento psicol\u00f3gico, [&hellip;]<\/p>\n","protected":false},"author":3,"featured_media":0,"parent":19,"menu_order":0,"comment_status":"closed","ping_status":"closed","template":"","meta":{"_exactmetrics_skip_tracking":false,"_exactmetrics_sitenote_active":false,"_exactmetrics_sitenote_note":"","_exactmetrics_sitenote_category":0,"footnotes":"","_links_to":"","_links_to_target":""},"class_list":["post-26","page","type-page","status-publish","hentry"],"_links":{"self":[{"href":"https:\/\/www3.unicentro.br\/brinquedoteca\/wp-json\/wp\/v2\/pages\/26","targetHints":{"allow":["GET"]}}],"collection":[{"href":"https:\/\/www3.unicentro.br\/brinquedoteca\/wp-json\/wp\/v2\/pages"}],"about":[{"href":"https:\/\/www3.unicentro.br\/brinquedoteca\/wp-json\/wp\/v2\/types\/page"}],"author":[{"embeddable":true,"href":"https:\/\/www3.unicentro.br\/brinquedoteca\/wp-json\/wp\/v2\/users\/3"}],"replies":[{"embeddable":true,"href":"https:\/\/www3.unicentro.br\/brinquedoteca\/wp-json\/wp\/v2\/comments?post=26"}],"version-history":[{"count":0,"href":"https:\/\/www3.unicentro.br\/brinquedoteca\/wp-json\/wp\/v2\/pages\/26\/revisions"}],"up":[{"embeddable":true,"href":"https:\/\/www3.unicentro.br\/brinquedoteca\/wp-json\/wp\/v2\/pages\/19"}],"wp:attachment":[{"href":"https:\/\/www3.unicentro.br\/brinquedoteca\/wp-json\/wp\/v2\/media?parent=26"}],"curies":[{"name":"wp","href":"https:\/\/api.w.org\/{rel}","templated":true}]}}