{"id":245,"date":"2021-05-12T19:34:19","date_gmt":"2021-05-12T22:34:19","guid":{"rendered":"https:\/\/www3.unicentro.br\/brinquedoteca\/?page_id=245"},"modified":"2021-05-24T19:52:42","modified_gmt":"2021-05-24T22:52:42","slug":"brincadeiracantadaamagiadahistoriafazendomagicacomumpanoencantado","status":"publish","type":"page","link":"https:\/\/www3.unicentro.br\/brinquedoteca\/acervo\/eventos\/semana-do-brincar-o-brincar-e-suas-multiplas-possibilidades\/brincadeiracantadaamagiadahistoriafazendomagicacomumpanoencantado\/","title":{"rendered":"Brincadeira Cantada:\u00a0 (A magia da hist\u00f3ria) Fazendo m\u00e1gica com um pano encantado"},"content":{"rendered":"<p>&nbsp;<\/p>\n<p><span style=\"font-size: 18pt\"><span style=\"color: #000000\">Link do formul\u00e1rio para certifica\u00e7\u00e3o: <\/span><a href=\"https:\/\/forms.gle\/gpjnpa1MMNbcMxVK6\"><span style=\"color: #000080\">https:\/\/forms.gle\/gpjnpa1MMNbcMxVK6<\/span><\/a><\/span><\/p>\n<p><iframe loading=\"lazy\" title=\"Brincadeira Cantada: (A Magia da Hist\u00f3ria) Fazendo M\u00e1gica com um Pano Encantado.\" width=\"900\" height=\"506\" src=\"https:\/\/www.youtube.com\/embed\/fmyExNmQ744?feature=oembed\" frameborder=\"0\" allow=\"accelerometer; autoplay; clipboard-write; encrypted-media; gyroscope; picture-in-picture\" allowfullscreen><\/iframe><\/p>\n","protected":false},"excerpt":{"rendered":"<p>&nbsp; Link do formul\u00e1rio para certifica\u00e7\u00e3o: https:\/\/forms.gle\/gpjnpa1MMNbcMxVK6<\/p>\n","protected":false},"author":358,"featured_media":0,"parent":188,"menu_order":0,"comment_status":"closed","ping_status":"closed","template":"","meta":{"_exactmetrics_skip_tracking":false,"_exactmetrics_sitenote_active":false,"_exactmetrics_sitenote_note":"","_exactmetrics_sitenote_category":0,"footnotes":"","_links_to":"","_links_to_target":""},"class_list":["post-245","page","type-page","status-publish","hentry"],"_links":{"self":[{"href":"https:\/\/www3.unicentro.br\/brinquedoteca\/wp-json\/wp\/v2\/pages\/245","targetHints":{"allow":["GET"]}}],"collection":[{"href":"https:\/\/www3.unicentro.br\/brinquedoteca\/wp-json\/wp\/v2\/pages"}],"about":[{"href":"https:\/\/www3.unicentro.br\/brinquedoteca\/wp-json\/wp\/v2\/types\/page"}],"author":[{"embeddable":true,"href":"https:\/\/www3.unicentro.br\/brinquedoteca\/wp-json\/wp\/v2\/users\/358"}],"replies":[{"embeddable":true,"href":"https:\/\/www3.unicentro.br\/brinquedoteca\/wp-json\/wp\/v2\/comments?post=245"}],"version-history":[{"count":0,"href":"https:\/\/www3.unicentro.br\/brinquedoteca\/wp-json\/wp\/v2\/pages\/245\/revisions"}],"up":[{"embeddable":true,"href":"https:\/\/www3.unicentro.br\/brinquedoteca\/wp-json\/wp\/v2\/pages\/188"}],"wp:attachment":[{"href":"https:\/\/www3.unicentro.br\/brinquedoteca\/wp-json\/wp\/v2\/media?parent=245"}],"curies":[{"name":"wp","href":"https:\/\/api.w.org\/{rel}","templated":true}]}}