{"id":23,"date":"2021-03-05T14:03:18","date_gmt":"2021-03-05T17:03:18","guid":{"rendered":"https:\/\/www3.unicentro.br\/brinquedoteca\/?page_id=23"},"modified":"2023-07-13T08:46:35","modified_gmt":"2023-07-13T11:46:35","slug":"historico","status":"publish","type":"page","link":"https:\/\/www3.unicentro.br\/brinquedoteca\/sobre\/historico\/","title":{"rendered":"Hist\u00f3rico"},"content":{"rendered":"<p style=\"text-align: justify\"><span style=\"font-size: 12pt\">A inf\u00e2ncia acontece e se constitui por meio das pr\u00e1ticas l\u00fadicas, e o brincar \u00e9 a primeira forma\u00e7\u00e3o de express\u00e3o e intera\u00e7\u00e3o da crian\u00e7a. Como atividade expressiva, a brincadeira pode desenvolver a criatividade, a express\u00e3o, a comunica\u00e7\u00e3o, a imagina\u00e7\u00e3o e promover a socializa\u00e7\u00e3o. Na educa\u00e7\u00e3o infantil, o brincar deve ser o eixo do trabalho educativo, permeando todas as atividades que as crian\u00e7as realizam e participam durante o dia. Todos os espa\u00e7os e momentos institucionais deveriam estar organizados de maneira a permitir a expressividade da crian\u00e7a por meio do brincar.<\/span><\/p>\n<p style=\"text-align: justify\"><span style=\"font-size: 12pt\">O laborat\u00f3rio de Educa\u00e7\u00e3o Infantil nasceu de um antigo sonho das Professoras Jane Maria Drewinski e Aliandra Mesomo. Depois de formado o Gepedin (Grupo de Estudos em Educa\u00e7\u00e3o Infantil), que estuda e pesquisa diversos temas na \u00e1rea da educa\u00e7\u00e3o infantil, o sonho ficou ainda maior e passou-se, a partir disso, lutar pela sua concretiza\u00e7\u00e3o e desenvolvimento das atividades.<\/span><\/p>\n<p style=\"text-align: justify\"><span style=\"font-size: 12pt\">Investimos esfor\u00e7os na cria\u00e7\u00e3o do Laborat\u00f3rio de Educa\u00e7\u00e3o Infantil, o qual procura desenvolver atividades l\u00fadicas que envolvem os jogos e as brincadeiras como contar hist\u00f3rias, constru\u00e7\u00e3o de jogos, brincar com os mais diferentes materiais e objetos. O espa\u00e7o procura valorizar o brincar como atividade com um fim em si mesmo e que traz intr\u00ednseca a condi\u00e7\u00e3o de desenvolvimento.<\/span><\/p>\n","protected":false},"excerpt":{"rendered":"<p>A inf\u00e2ncia acontece e se constitui por meio das pr\u00e1ticas l\u00fadicas, e o brincar \u00e9 a primeira forma\u00e7\u00e3o de express\u00e3o e intera\u00e7\u00e3o da crian\u00e7a. Como atividade expressiva, a brincadeira pode desenvolver a criatividade, a express\u00e3o, a comunica\u00e7\u00e3o, a imagina\u00e7\u00e3o e promover a socializa\u00e7\u00e3o. Na educa\u00e7\u00e3o infantil, o brincar deve ser o eixo do trabalho educativo, [&hellip;]<\/p>\n","protected":false},"author":3,"featured_media":0,"parent":19,"menu_order":0,"comment_status":"closed","ping_status":"closed","template":"","meta":{"_exactmetrics_skip_tracking":false,"_exactmetrics_sitenote_active":false,"_exactmetrics_sitenote_note":"","_exactmetrics_sitenote_category":0,"footnotes":"","_links_to":"","_links_to_target":""},"class_list":["post-23","page","type-page","status-publish","hentry"],"_links":{"self":[{"href":"https:\/\/www3.unicentro.br\/brinquedoteca\/wp-json\/wp\/v2\/pages\/23","targetHints":{"allow":["GET"]}}],"collection":[{"href":"https:\/\/www3.unicentro.br\/brinquedoteca\/wp-json\/wp\/v2\/pages"}],"about":[{"href":"https:\/\/www3.unicentro.br\/brinquedoteca\/wp-json\/wp\/v2\/types\/page"}],"author":[{"embeddable":true,"href":"https:\/\/www3.unicentro.br\/brinquedoteca\/wp-json\/wp\/v2\/users\/3"}],"replies":[{"embeddable":true,"href":"https:\/\/www3.unicentro.br\/brinquedoteca\/wp-json\/wp\/v2\/comments?post=23"}],"version-history":[{"count":0,"href":"https:\/\/www3.unicentro.br\/brinquedoteca\/wp-json\/wp\/v2\/pages\/23\/revisions"}],"up":[{"embeddable":true,"href":"https:\/\/www3.unicentro.br\/brinquedoteca\/wp-json\/wp\/v2\/pages\/19"}],"wp:attachment":[{"href":"https:\/\/www3.unicentro.br\/brinquedoteca\/wp-json\/wp\/v2\/media?parent=23"}],"curies":[{"name":"wp","href":"https:\/\/api.w.org\/{rel}","templated":true}]}}