{"id":172,"date":"2021-04-13T21:39:04","date_gmt":"2021-04-14T00:39:04","guid":{"rendered":"https:\/\/www3.unicentro.br\/brinquedoteca\/?page_id=172"},"modified":"2021-04-16T14:07:21","modified_gmt":"2021-04-16T17:07:21","slug":"contacao-de-historia","status":"publish","type":"page","link":"https:\/\/www3.unicentro.br\/brinquedoteca\/acervo\/eventos\/semana-do-brincar-e-ler-discussoes-emergentes\/contacao-de-historia\/","title":{"rendered":"Conta\u00e7\u00e3o de Hist\u00f3ria"},"content":{"rendered":"<p><iframe loading=\"lazy\" title=\"Conta\u00e7\u00e3o de Hist\u00f3ria: &quot;Quando tudo isso passar&quot;\" width=\"900\" height=\"506\" src=\"https:\/\/www.youtube.com\/embed\/81A4-RXhRvY?feature=oembed\" frameborder=\"0\" allow=\"accelerometer; autoplay; clipboard-write; encrypted-media; gyroscope; picture-in-picture\" allowfullscreen><\/iframe><\/p>\n<p style=\"text-align: center\"><span style=\"font-size: 18pt;color: #000000\">Link do formul\u00e1rio*\u00a0 para certifica\u00e7\u00e3o: <span style=\"color: #0000ff\"><a style=\"color: #0000ff\" href=\"https:\/\/forms.gle\/5HtB2BrDsUggZxJXA\">https:\/\/forms.gle\/5HtB2BrDsUggZxJXA<\/a><\/span><\/span><\/p>\n<p style=\"text-align: center\"><span style=\"font-size: 18pt;color: #000000\">* O formul\u00e1rio estar\u00e1 dispon\u00edvel at\u00e9 \u00e0s 23h59m do dia 16\/04.<\/span><\/p>\n","protected":false},"excerpt":{"rendered":"<p>Link do formul\u00e1rio*\u00a0 para certifica\u00e7\u00e3o: https:\/\/forms.gle\/5HtB2BrDsUggZxJXA * O formul\u00e1rio estar\u00e1 dispon\u00edvel at\u00e9 \u00e0s 23h59m do dia 16\/04.<\/p>\n","protected":false},"author":358,"featured_media":0,"parent":76,"menu_order":0,"comment_status":"closed","ping_status":"closed","template":"","meta":{"_exactmetrics_skip_tracking":false,"_exactmetrics_sitenote_active":false,"_exactmetrics_sitenote_note":"","_exactmetrics_sitenote_category":0,"footnotes":"","_links_to":"","_links_to_target":""},"class_list":["post-172","page","type-page","status-publish","hentry"],"_links":{"self":[{"href":"https:\/\/www3.unicentro.br\/brinquedoteca\/wp-json\/wp\/v2\/pages\/172","targetHints":{"allow":["GET"]}}],"collection":[{"href":"https:\/\/www3.unicentro.br\/brinquedoteca\/wp-json\/wp\/v2\/pages"}],"about":[{"href":"https:\/\/www3.unicentro.br\/brinquedoteca\/wp-json\/wp\/v2\/types\/page"}],"author":[{"embeddable":true,"href":"https:\/\/www3.unicentro.br\/brinquedoteca\/wp-json\/wp\/v2\/users\/358"}],"replies":[{"embeddable":true,"href":"https:\/\/www3.unicentro.br\/brinquedoteca\/wp-json\/wp\/v2\/comments?post=172"}],"version-history":[{"count":0,"href":"https:\/\/www3.unicentro.br\/brinquedoteca\/wp-json\/wp\/v2\/pages\/172\/revisions"}],"up":[{"embeddable":true,"href":"https:\/\/www3.unicentro.br\/brinquedoteca\/wp-json\/wp\/v2\/pages\/76"}],"wp:attachment":[{"href":"https:\/\/www3.unicentro.br\/brinquedoteca\/wp-json\/wp\/v2\/media?parent=172"}],"curies":[{"name":"wp","href":"https:\/\/api.w.org\/{rel}","templated":true}]}}