{"id":137,"date":"2021-04-12T17:30:55","date_gmt":"2021-04-12T20:30:55","guid":{"rendered":"https:\/\/www3.unicentro.br\/brinquedoteca\/?page_id=137"},"modified":"2021-04-13T13:32:46","modified_gmt":"2021-04-13T16:32:46","slug":"oficina-brincando-com-minhas-emocoes-como-cuidar-da-nossa-saude-mental-em-tempos-de-pandemia","status":"publish","type":"page","link":"https:\/\/www3.unicentro.br\/brinquedoteca\/acervo\/eventos\/semana-do-brincar-e-ler-discussoes-emergentes\/oficina-brincando-com-minhas-emocoes-como-cuidar-da-nossa-saude-mental-em-tempos-de-pandemia\/","title":{"rendered":"Oficina &#8211; Brincando com minhas emo\u00e7\u00f5es: como cuidar da nossa sa\u00fade mental em tempos de pandemia"},"content":{"rendered":"<p><span style=\"color: #333333\"><a style=\"color: #333333\" href=\"https:\/\/www3.unicentro.br\/brinquedoteca\/wp-content\/uploads\/sites\/117\/2021\/04\/WhatsApp-Image-2021-04-05-at-10.35.11.jpeg\"><img loading=\"lazy\" decoding=\"async\" class=\"wp-image-138 alignleft\" src=\"https:\/\/www3.unicentro.br\/brinquedoteca\/wp-content\/uploads\/sites\/117\/2021\/04\/WhatsApp-Image-2021-04-05-at-10.35.11.jpeg\" alt=\"Link da Grava\u00e7\u00e3o: https:\/\/drive.google.com\/file\/d\/1V0kFmgHm10KELGtj7NgFi9Mi80qIzDwz\/view?usp=sharing Link do formul\u00e1rio* para certifica\u00e7\u00e3o: https:\/\/forms.gle\/cB3HzZGyptbuiqVC7 *O formul\u00e1rio estar\u00e1 dispon\u00edvel at\u00e9 as 23h 59m do dia 16\/04.\" width=\"386\" height=\"273\" srcset=\"https:\/\/www3.unicentro.br\/brinquedoteca\/wp-content\/uploads\/sites\/117\/2021\/04\/WhatsApp-Image-2021-04-05-at-10.35.11.jpeg 1280w, https:\/\/www3.unicentro.br\/brinquedoteca\/wp-content\/uploads\/sites\/117\/2021\/04\/WhatsApp-Image-2021-04-05-at-10.35.11-768x542.jpeg 768w, https:\/\/www3.unicentro.br\/brinquedoteca\/wp-content\/uploads\/sites\/117\/2021\/04\/WhatsApp-Image-2021-04-05-at-10.35.11-255x180.jpeg 255w\" sizes=\"auto, (max-width: 386px) 100vw, 386px\" \/><\/a><span style=\"font-size: 14pt;color: #000000\">Link da Grava\u00e7\u00e3o: <a style=\"color: #000000\" href=\"https:\/\/drive.google.com\/file\/d\/1V0kFmgHm10KELGtj7NgFi9Mi80qIzDwz\/view?usp=sharing\">https:\/\/drive.google.com\/file\/d\/1V0kFmgHm10KELGtj7NgFi9Mi80qIzDwz\/view?usp=sharing<\/a><\/span><\/span><\/p>\n<p><span style=\"font-size: 14pt;color: #000000\">Link do formul\u00e1rio* para certifica\u00e7\u00e3o: <a style=\"color: #000000\" href=\"https:\/\/forms.gle\/cB3HzZGyptbuiqVC7\">https:\/\/forms.gle\/cB3HzZGyptbuiqVC7<\/a><\/span><\/p>\n<p><span style=\"color: #000000\"><span style=\"font-size: 14pt\">*O formul\u00e1rio estar\u00e1 dispon\u00edvel at\u00e9 as 23h 59m do dia 16\/04<\/span><span style=\"font-size: 14pt\">.<\/span><\/span><\/p>\n<p>&nbsp;<\/p>\n<p>&nbsp;<\/p>\n<p>&nbsp;<\/p>\n<p style=\"text-align: justify\"><span style=\"color: #000000;font-size: 14pt\">A grava\u00e7\u00e3o tamb\u00e9m est\u00e1 dispon\u00edvel no Youtube: <a style=\"color: #000000\" href=\"https:\/\/www.youtube.com\/watch?v=LdFbn7LVi_4\">https:\/\/www.youtube.com\/watch?v=LdFbn7LVi_4<\/a><\/span><\/p>\n<p><iframe loading=\"lazy\" title=\"Oficina: Brincando com as emo\u00e7\u00f5es  como cuidar da nossa sa\u00fade mental em tempos de pandemia\" width=\"900\" height=\"506\" src=\"https:\/\/www.youtube.com\/embed\/LdFbn7LVi_4?feature=oembed\" frameborder=\"0\" allow=\"accelerometer; autoplay; clipboard-write; encrypted-media; gyroscope; picture-in-picture\" allowfullscreen><\/iframe><\/p>\n","protected":false},"excerpt":{"rendered":"<p>Link da Grava\u00e7\u00e3o: https:\/\/drive.google.com\/file\/d\/1V0kFmgHm10KELGtj7NgFi9Mi80qIzDwz\/view?usp=sharing Link do formul\u00e1rio* para certifica\u00e7\u00e3o: https:\/\/forms.gle\/cB3HzZGyptbuiqVC7 *O formul\u00e1rio estar\u00e1 dispon\u00edvel at\u00e9 as 23h 59m do dia 16\/04. &nbsp; &nbsp; &nbsp; A grava\u00e7\u00e3o tamb\u00e9m est\u00e1 dispon\u00edvel no Youtube: https:\/\/www.youtube.com\/watch?v=LdFbn7LVi_4<\/p>\n","protected":false},"author":358,"featured_media":0,"parent":76,"menu_order":0,"comment_status":"closed","ping_status":"closed","template":"","meta":{"_exactmetrics_skip_tracking":false,"_exactmetrics_sitenote_active":false,"_exactmetrics_sitenote_note":"","_exactmetrics_sitenote_category":0,"footnotes":"","_links_to":"","_links_to_target":""},"class_list":["post-137","page","type-page","status-publish","hentry"],"_links":{"self":[{"href":"https:\/\/www3.unicentro.br\/brinquedoteca\/wp-json\/wp\/v2\/pages\/137","targetHints":{"allow":["GET"]}}],"collection":[{"href":"https:\/\/www3.unicentro.br\/brinquedoteca\/wp-json\/wp\/v2\/pages"}],"about":[{"href":"https:\/\/www3.unicentro.br\/brinquedoteca\/wp-json\/wp\/v2\/types\/page"}],"author":[{"embeddable":true,"href":"https:\/\/www3.unicentro.br\/brinquedoteca\/wp-json\/wp\/v2\/users\/358"}],"replies":[{"embeddable":true,"href":"https:\/\/www3.unicentro.br\/brinquedoteca\/wp-json\/wp\/v2\/comments?post=137"}],"version-history":[{"count":0,"href":"https:\/\/www3.unicentro.br\/brinquedoteca\/wp-json\/wp\/v2\/pages\/137\/revisions"}],"up":[{"embeddable":true,"href":"https:\/\/www3.unicentro.br\/brinquedoteca\/wp-json\/wp\/v2\/pages\/76"}],"wp:attachment":[{"href":"https:\/\/www3.unicentro.br\/brinquedoteca\/wp-json\/wp\/v2\/media?parent=137"}],"curies":[{"name":"wp","href":"https:\/\/api.w.org\/{rel}","templated":true}]}}