{"id":47,"date":"2023-06-30T12:04:35","date_gmt":"2023-06-30T15:04:35","guid":{"rendered":"https:\/\/www3.unicentro.br\/bigdata\/?page_id=47"},"modified":"2023-06-30T12:04:35","modified_gmt":"2023-06-30T15:04:35","slug":"duvidas-frequentes","status":"publish","type":"page","link":"https:\/\/www3.unicentro.br\/bigdata\/duvidas-frequentes\/","title":{"rendered":"D\u00favidas frequentes"},"content":{"rendered":"<div class=\"wpb-content-wrapper\"><p>[vc_row][vc_column][vc_toggle title=&#8221;Qual o investimento necess\u00e1rio para cursar Tecnologia em Big Data no Agroneg\u00f3cio?&#8221;]O curso \u00e9 oferecido pela Unicentro gratuitamente.[\/vc_toggle][vc_toggle title=&#8221;\u00c9 preciso ter forma\u00e7\u00e3o em computa\u00e7\u00e3o ou em agronomia para frequentar este curso?&#8221;]N\u00e3o \u00e9 necess\u00e1rio ter forma\u00e7\u00e3o em nenhuma das duas \u00e1reas para se tornar aluno deste curso, pois o curso de Tecnologia em Big Data no Agroneg\u00f3cio contempla disciplinas b\u00e1sicas das duas \u00e1reas de forma\u00e7\u00e3o.[\/vc_toggle][vc_toggle title=&#8221;\u00c9 preciso saber programa\u00e7\u00e3o para ser aluno(a) do curso de Tecnologia em Big Data no Agroneg\u00f3cio?&#8221;]N\u00e3o. Durante o curso de Tecnologia em Big Data no Agroneg\u00f3cio ser\u00e3o abordados conceitos de l\u00f3gica e linguagens de programa\u00e7\u00e3o, capacitando o aluno para o desenvolvimento de software voltado para o Agroneg\u00f3cio.[\/vc_toggle][vc_toggle title=&#8221;O curso ter\u00e1 atividades pr\u00e1ticas?&#8221;]Sim. Tanto na \u00e1rea de Agronomia quanto na \u00e1rea de Ci\u00eancia da Computa\u00e7\u00e3o o curso oferta disciplinas com carga hor\u00e1ria pr\u00e1tica.[\/vc_toggle][vc_toggle title=&#8221;Qual \u00e9 o tempo total de forma\u00e7\u00e3o?&#8221;]3 anos divididos em 6 semestres.[\/vc_toggle][vc_toggle title=&#8221;Em qual turno o curso ocorrer\u00e1?&#8221;]A oferta do curso ser\u00e1 noturna, com a possibilidade de atividades pr\u00e1ticas espor\u00e1dicas aos s\u00e1bados.[\/vc_toggle][vc_toggle title=&#8221;Este curso ser\u00e1 permanente na lista de cursos ofertados pela Unicentro?&#8221;]Ser\u00e3o duas ofertas do curso de Tecnologia em Big Data no Agroneg\u00f3cio, uma com in\u00edcio no ano letivo de 2024 e outra com in\u00edcio no ano letivo de 2025.[\/vc_toggle][vc_toggle title=&#8221;O curso conta com aulas a dist\u00e2ncia?&#8221;]A maioria da carga hor\u00e1ria presencial, apenas parte da carga hor\u00e1ria te\u00f3rica do curso de Tecnologia em Big Data no Agroneg\u00f3cio \u00e9 planejada para ser ministrada no formato EaD.[\/vc_toggle][\/vc_column][\/vc_row]<\/p>\n<\/div>","protected":false},"excerpt":{"rendered":"<p>[vc_row][vc_column][vc_toggle title=&#8221;Qual o investimento necess\u00e1rio para cursar Tecnologia em Big Data no Agroneg\u00f3cio?&#8221;]O curso \u00e9 oferecido pela Unicentro gratuitamente.[\/vc_toggle][vc_toggle title=&#8221;\u00c9 preciso ter forma\u00e7\u00e3o em computa\u00e7\u00e3o ou em agronomia para frequentar este curso?&#8221;]N\u00e3o \u00e9 necess\u00e1rio ter forma\u00e7\u00e3o em nenhuma das duas \u00e1reas para se tornar aluno deste curso, pois o curso de Tecnologia em Big Data [&hellip;]<\/p>\n","protected":false},"author":3,"featured_media":0,"parent":0,"menu_order":0,"comment_status":"closed","ping_status":"closed","template":"","meta":{"_exactmetrics_skip_tracking":false,"_exactmetrics_sitenote_active":false,"_exactmetrics_sitenote_note":"","_exactmetrics_sitenote_category":0,"footnotes":"","_links_to":"","_links_to_target":""},"class_list":["post-47","page","type-page","status-publish","hentry"],"_links":{"self":[{"href":"https:\/\/www3.unicentro.br\/bigdata\/wp-json\/wp\/v2\/pages\/47","targetHints":{"allow":["GET"]}}],"collection":[{"href":"https:\/\/www3.unicentro.br\/bigdata\/wp-json\/wp\/v2\/pages"}],"about":[{"href":"https:\/\/www3.unicentro.br\/bigdata\/wp-json\/wp\/v2\/types\/page"}],"author":[{"embeddable":true,"href":"https:\/\/www3.unicentro.br\/bigdata\/wp-json\/wp\/v2\/users\/3"}],"replies":[{"embeddable":true,"href":"https:\/\/www3.unicentro.br\/bigdata\/wp-json\/wp\/v2\/comments?post=47"}],"version-history":[{"count":0,"href":"https:\/\/www3.unicentro.br\/bigdata\/wp-json\/wp\/v2\/pages\/47\/revisions"}],"wp:attachment":[{"href":"https:\/\/www3.unicentro.br\/bigdata\/wp-json\/wp\/v2\/media?parent=47"}],"curies":[{"name":"wp","href":"https:\/\/api.w.org\/{rel}","templated":true}]}}