{"id":26,"date":"2022-05-02T14:55:38","date_gmt":"2022-05-02T17:55:38","guid":{"rendered":"https:\/\/www3.unicentro.br\/bibliotecas\/?page_id=26"},"modified":"2025-05-23T11:02:01","modified_gmt":"2025-05-23T14:02:01","slug":"ficha","status":"publish","type":"page","link":"https:\/\/www3.unicentro.br\/bibliotecas\/ficha\/","title":{"rendered":"Ficha catalogr\u00e1fica"},"content":{"rendered":"<div class=\"wpb-content-wrapper\"><p>[vc_row][vc_column][vc_column_text]<\/p>\n<p><span style=\"font-size: 14pt\"><span style=\"font-family: georgia, palatino, serif\">A ficha catalogr\u00e1fica \u00e9 fundamental em teses e disserta\u00e7\u00f5es dos programas de P\u00f3s-Gradua\u00e7\u00e3o da UNICENTRO.<br \/>\n<\/span><span style=\"font-family: georgia, palatino, serif\">Os dados necess\u00e1rios para a confec\u00e7\u00e3o da ficha catalogr\u00e1fica devem ser enviados para os respectivos e-mails:<\/span><\/span><\/p>\n<p>&nbsp;<\/p>\n<p><span style=\"font-size: 14pt\"><span style=\"font-family: georgia, palatino, serif\"><strong>Para os programas dos c\u00e2mpus Santa Cruz e Cedeteg &#8211;<\/strong> Eguimara: <a href=\"mailto:mara@unicentro.br\">mara@unicentro.br<\/a><br \/>\n<\/span><span style=\"font-family: georgia, palatino, serif\"><strong>Para os programas do c\u00e2mpus de Irati &#8211;<\/strong> Elaine: <a href=\"mailto:efsouza@unicentro.br\">efsouza@unicentro.br<\/a><\/span><\/span><\/p>\n<p>&nbsp;<\/p>\n<p><span style=\"font-family: georgia, palatino, serif;font-size: 14pt\"><strong>Com os itens abaixo:<\/strong><\/span><\/p>\n<ul>\n<li><span style=\"font-family: georgia, palatino, serif;font-size: 14pt\">Disserta\u00e7\u00e3o completa em PDF;<\/span><\/li>\n<li><span style=\"font-family: georgia, palatino, serif;font-size: 14pt\">Nomes dos membros da banca.<\/span><\/li>\n<\/ul>\n<p>&nbsp;<\/p>\n<p><span style=\"font-family: georgia, palatino, serif;font-size: 14pt\">Para gerar o boleto para pagamento da ficha catalogr\u00e1fica (no valor de <strong>R$25,00<\/strong>), os dados s\u00e3o os seguintes:<\/span><\/p>\n<ol>\n<li><span style=\"font-family: georgia, palatino, serif;font-size: 14pt\">Nome completo<\/span><\/li>\n<li><span style=\"font-family: georgia, palatino, serif;font-size: 14pt\">Data de nascimento<\/span><\/li>\n<li><span style=\"font-family: georgia, palatino, serif;font-size: 14pt\">Endere\u00e7o f\u00edsico<\/span><\/li>\n<li><span style=\"font-family: georgia, palatino, serif;font-size: 14pt\">CPF<\/span><\/li>\n<li><span style=\"font-family: georgia, palatino, serif;font-size: 14pt\">RG<\/span><\/li>\n<li><span style=\"font-size: 14pt;font-family: georgia, palatino, serif\">E-mail<\/span><\/li>\n<\/ol>\n<p>[\/vc_column_text][\/vc_column][\/vc_row]<\/p>\n<\/div>","protected":false},"excerpt":{"rendered":"<p>[vc_row][vc_column][vc_column_text] A ficha catalogr\u00e1fica \u00e9 fundamental em teses e disserta\u00e7\u00f5es dos programas de P\u00f3s-Gradua\u00e7\u00e3o da UNICENTRO. Os dados necess\u00e1rios para a confec\u00e7\u00e3o da ficha catalogr\u00e1fica devem ser enviados para os respectivos e-mails: &nbsp; Para os programas dos c\u00e2mpus Santa Cruz e Cedeteg &#8211; Eguimara: mara@unicentro.br Para os programas do c\u00e2mpus de Irati &#8211; Elaine: efsouza@unicentro.br [&hellip;]<\/p>\n","protected":false},"author":3,"featured_media":0,"parent":0,"menu_order":0,"comment_status":"closed","ping_status":"closed","template":"","meta":{"_exactmetrics_skip_tracking":false,"_exactmetrics_sitenote_active":false,"_exactmetrics_sitenote_note":"","_exactmetrics_sitenote_category":0,"footnotes":"","_links_to":"","_links_to_target":""},"class_list":["post-26","page","type-page","status-publish","hentry"],"_links":{"self":[{"href":"https:\/\/www3.unicentro.br\/bibliotecas\/wp-json\/wp\/v2\/pages\/26","targetHints":{"allow":["GET"]}}],"collection":[{"href":"https:\/\/www3.unicentro.br\/bibliotecas\/wp-json\/wp\/v2\/pages"}],"about":[{"href":"https:\/\/www3.unicentro.br\/bibliotecas\/wp-json\/wp\/v2\/types\/page"}],"author":[{"embeddable":true,"href":"https:\/\/www3.unicentro.br\/bibliotecas\/wp-json\/wp\/v2\/users\/3"}],"replies":[{"embeddable":true,"href":"https:\/\/www3.unicentro.br\/bibliotecas\/wp-json\/wp\/v2\/comments?post=26"}],"version-history":[{"count":2,"href":"https:\/\/www3.unicentro.br\/bibliotecas\/wp-json\/wp\/v2\/pages\/26\/revisions"}],"predecessor-version":[{"id":345,"href":"https:\/\/www3.unicentro.br\/bibliotecas\/wp-json\/wp\/v2\/pages\/26\/revisions\/345"}],"wp:attachment":[{"href":"https:\/\/www3.unicentro.br\/bibliotecas\/wp-json\/wp\/v2\/media?parent=26"}],"curies":[{"name":"wp","href":"https:\/\/api.w.org\/{rel}","templated":true}]}}