{"id":869,"date":"2018-04-06T14:19:05","date_gmt":"2018-04-06T17:19:05","guid":{"rendered":"https:\/\/www3.unicentro.br\/anuario\/?page_id=869"},"modified":"2018-10-01T11:08:32","modified_gmt":"2018-10-01T14:08:32","slug":"bibliotecas","status":"publish","type":"page","link":"https:\/\/www3.unicentro.br\/anuario\/anuario-2017\/bibliotecas\/","title":{"rendered":"Bibliotecas"},"content":{"rendered":"<div class=\"wpb-content-wrapper\"><p>[vc_row][vc_column width=&#8221;1\/2&#8243;][vc_column_text]<span style=\"font-size: 20pt;color: #333333\">Bibliotecas<\/span><\/p>\n<p style=\"text-align: justify\">Presentes em todos os <em>campi<\/em> Universit\u00e1rios, as bibliotecas da UNICENTRO contam com um acervo de milhares de obras, incluindo livros, peri\u00f3dicos, disserta\u00e7\u00f5es, monografias, dentre outros. O acervo das Bibliotecas \u00e9 devidamente catalogado, segundo normas internacionais, s\u00e3o disponibilizados aos usu\u00e1rios diversos servi\u00e7os, incluindo \u00a0consulta \u00e0s obras existentes, reserva e renova\u00e7\u00e3o de empr\u00e9stimo <em>online.\u00a0<\/em>Outros servi\u00e7os incluem empr\u00e9stimo domiciliar, empr\u00e9stimos entre bibliotecas, confec\u00e7\u00e3o de fichas catalogr\u00e1ficas e comuta\u00e7\u00e3o bibliogr\u00e1fica.<\/p>\n<p>[\/vc_column_text][vc_tta_accordion color=&#8221;white&#8221; c_icon=&#8221;chevron&#8221; active_section=&#8221;10&#8243; collapsible_all=&#8221;true&#8221; title=&#8221;Dados Gerais&#8221;][vc_tta_section title=&#8221;Acervo, Estrutura e Servi\u00e7os &#8211; Biblioteca do <i>Campus<\/i> Cedeteg &#8211; 2017&#8243; tab_id=&#8221;1494869582080-56808cad-62f8&#8243;][vc_column_text]<\/p>\n<table border=\"0\" cellspacing=\"0\">\n<thead>\n<tr>\n<td align=\"center\" height=\"19\"><span style=\"font-family: arial, helvetica, sans-serif; font-size: 10pt;\"><strong>CATEGORIA<\/strong><\/span><\/td>\n<td align=\"center\"><span style=\"font-family: arial, helvetica, sans-serif; font-size: 10pt;\"><strong>TOTAL<\/strong><\/span><\/td>\n<\/tr>\n<\/thead>\n<colgroup width=\"235\"><\/colgroup>\n<colgroup width=\"85\"><\/colgroup>\n<tbody>\n<tr>\n<td style=\"text-align: left;\" align=\"left\" height=\"19\"><span style=\"font-family: arial, helvetica, sans-serif; font-size: 10pt;\">N\u00famero de assentos<\/span><\/td>\n<td style=\"text-align: right;\" align=\"right\"><span style=\"font-family: arial, helvetica, sans-serif; font-size: 10pt;\">100<\/span><\/td>\n<\/tr>\n<tr>\n<td align=\"left\" height=\"36\"><span style=\"font-family: arial, helvetica, sans-serif; font-size: 10pt;\">N\u00famero de empr\u00e9stimos domiciliares<\/span><\/td>\n<td style=\"text-align: right;\" align=\"right\"><span style=\"font-family: arial, helvetica, sans-serif; font-size: 10pt;\">17.283<\/span><\/td>\n<\/tr>\n<tr>\n<td align=\"left\" height=\"36\"><span style=\"font-family: arial, helvetica, sans-serif; font-size: 10pt;\">N\u00famero de empr\u00e9stimos entre bibliotecas<\/span><\/td>\n<td style=\"text-align: right;\" align=\"left\"><span style=\"font-family: arial, helvetica, sans-serif; font-size: 10pt;\">Aproximadamente 78<\/span><\/td>\n<\/tr>\n<tr>\n<td rowspan=\"2\" align=\"left\" height=\"72\"><span style=\"font-family: arial, helvetica, sans-serif; font-size: 10pt;\">N\u00famero de T\u00edtulos do Acervo de Peri\u00f3dicos Impressos<\/span><\/td>\n<td style=\"text-align: right;\" align=\"left\"><span style=\"font-family: arial, helvetica, sans-serif; font-size: 10pt;\">T\u00edtulos: 503\u00a0<\/span><\/td>\n<\/tr>\n<tr>\n<td style=\"text-align: right;\" align=\"left\"><span style=\"font-family: arial, helvetica, sans-serif; font-size: 10pt;\">Fasc\u00edculos: 13.167<\/span><\/td>\n<\/tr>\n<tr>\n<td rowspan=\"2\" align=\"left\" height=\"72\"><span style=\"font-family: arial, helvetica, sans-serif; font-size: 10pt;\">N\u00famero de T\u00edtulos do Acervo de Livros Impressos<\/span><\/td>\n<td style=\"text-align: right;\" align=\"left\"><span style=\"font-family: arial, helvetica, sans-serif; font-size: 10pt;\">T\u00edtulos:\u00a014.160<\/span><\/td>\n<\/tr>\n<tr>\n<td style=\"text-align: right;\" align=\"left\"><span style=\"font-family: arial, helvetica, sans-serif; font-size: 10pt;\">Exemplares:\u00a037.163<\/span><\/td>\n<\/tr>\n<tr>\n<td align=\"left\" height=\"36\"><span style=\"font-family: arial, helvetica, sans-serif; font-size: 10pt;\">N\u00famero de T\u00edtulos de Outros Materiais<\/span><\/td>\n<td style=\"text-align: right;\" align=\"right\"><span style=\"font-family: arial, helvetica, sans-serif; font-size: 10pt;\">1.263<\/span><\/td>\n<\/tr>\n<tr>\n<td style=\"text-align: left;\" align=\"left\" height=\"19\"><span style=\"font-family: arial, helvetica, sans-serif; font-size: 10pt;\"><strong>ACERVO TOTAL<\/strong><\/span><\/td>\n<td style=\"text-align: right;\" align=\"right\"><span style=\"font-family: arial, helvetica, sans-serif; font-size: 10pt;\"><strong>51.593<\/strong><\/span><\/td>\n<\/tr>\n<\/tbody>\n<\/table>\n<p>[\/vc_column_text][\/vc_tta_section][vc_tta_section title=&#8221;Acervo, Estrutura e Servi\u00e7os &#8211; Biblioteca do <i>Campus<\/i> Irati &#8211; 2017&#8243; tab_id=&#8221;1494871004481-12413066-6360&#8243;][vc_column_text]<\/p>\n<table>\n<thead>\n<tr>\n<td style=\"text-align: center\"><span style=\"font-family: arial, helvetica, sans-serif;font-size: 10pt\"><strong>CATEGORIA<\/strong><\/span><\/td>\n<td style=\"text-align: center\"><span style=\"font-family: arial, helvetica, sans-serif;font-size: 10pt\"><strong>TOTAL<\/strong><\/span><\/td>\n<\/tr>\n<\/thead>\n<tbody>\n<tr>\n<td style=\"text-align: left\"><span style=\"font-family: arial, helvetica, sans-serif;font-size: 10pt\">N\u00famero de Assentos<\/span><\/td>\n<td style=\"text-align: right\"><span style=\"font-family: arial, helvetica, sans-serif;font-size: 10pt\">72<\/span><\/td>\n<\/tr>\n<tr>\n<td><span style=\"font-family: arial, helvetica, sans-serif;font-size: 10pt\">N\u00famero de Empr\u00e9stimos Domiciliares<\/span><\/td>\n<td style=\"text-align: right\"><span style=\"font-family: arial, helvetica, sans-serif;font-size: 10pt\">24.523<\/span><\/td>\n<\/tr>\n<tr>\n<td rowspan=\"2\"><span style=\"font-family: arial, helvetica, sans-serif;font-size: 10pt\">N\u00famero de Empr\u00e9stimos entre Bibliotecas<\/span><\/td>\n<td style=\"text-align: right\"><span style=\"font-family: arial, helvetica, sans-serif;font-size: 10pt\">Enviados: 456<\/span><\/td>\n<\/tr>\n<tr>\n<td style=\"text-align: right\"><span style=\"font-family: arial, helvetica, sans-serif;font-size: 10pt\">Recebidos: 275<\/span><\/td>\n<\/tr>\n<tr>\n<td><span style=\"font-family: arial, helvetica, sans-serif;font-size: 10pt\">Usu\u00e1rios Treinados em Programa de Capacita\u00e7\u00e3o<\/span><\/td>\n<td style=\"text-align: right\"><span style=\"font-family: arial, helvetica, sans-serif;font-size: 10pt\">105<\/span><\/td>\n<\/tr>\n<tr>\n<td><span style=\"font-family: arial, helvetica, sans-serif;font-size: 10pt\">N\u00famero de T\u00edtulos do Acervo de Peri\u00f3dicos Impressos<\/span><\/td>\n<td style=\"text-align: right\"><span style=\"font-family: arial, helvetica, sans-serif;font-size: 10pt\">T\u00edtulos: 691<\/span><\/td>\n<\/tr>\n<tr>\n<td><span style=\"font-family: arial, helvetica, sans-serif;font-size: 10pt\">N\u00famero de T\u00edtulos do Acervo de Livros Impressos<\/span><\/td>\n<td style=\"text-align: right\"><span style=\"font-family: arial, helvetica, sans-serif;font-size: 10pt\">26.328<\/span><\/td>\n<\/tr>\n<tr>\n<td><span style=\"font-family: arial, helvetica, sans-serif;font-size: 10pt\">N\u00famero de T\u00edtulos de Outros Materiais<\/span><\/td>\n<td style=\"text-align: right\"><span style=\"font-family: arial, helvetica, sans-serif;font-size: 10pt\">6.894<\/span><\/td>\n<\/tr>\n<tr>\n<td style=\"text-align: left\"><span style=\"font-family: arial, helvetica, sans-serif;font-size: 10pt\"><strong>ACERVO TOTAL<\/strong><\/span><\/td>\n<td style=\"text-align: right\"><span style=\"font-family: arial, helvetica, sans-serif;font-size: 10pt\"><strong>39.571<\/strong><\/span><\/td>\n<\/tr>\n<\/tbody>\n<\/table>\n<p>[\/vc_column_text][\/vc_tta_section][vc_tta_section title=&#8221;Acervo, Estrutura e Servi\u00e7os &#8211; Biblioteca do <i>Campus<\/i> Santa Cruz &#8211; 2017&#8243; tab_id=&#8221;1494869582080-080a43eb-7441&#8243;][vc_column_text]<\/p>\n<table border=\"0\" cellspacing=\"0\">\n<thead>\n<tr>\n<td align=\"center\" height=\"20\"><span style=\"font-size: 10pt;\"><strong><span style=\"font-family: arial, helvetica, sans-serif;\">CATEGORIA<\/span><\/strong><\/span><\/td>\n<td align=\"left\"><span style=\"font-size: 10pt;\"><strong><span style=\"font-family: arial, helvetica, sans-serif;\">TOTAL<\/span><\/strong><\/span><\/td>\n<\/tr>\n<\/thead>\n<colgroup width=\"457\"><\/colgroup>\n<colgroup width=\"85\"><\/colgroup>\n<tbody>\n<tr>\n<td align=\"left\" height=\"20\"><span style=\"font-family: arial, helvetica, sans-serif; font-size: 10pt;\">N\u00famero de assentos<\/span><\/td>\n<td align=\"right\"><span style=\"font-family: arial, helvetica, sans-serif; font-size: 10pt;\">147<\/span><\/td>\n<\/tr>\n<tr>\n<td align=\"left\" height=\"20\"><span style=\"font-family: arial, helvetica, sans-serif; font-size: 10pt;\">N\u00famero de empr\u00e9stimos domiciliares<\/span><\/td>\n<td align=\"right\"><span style=\"font-family: arial, helvetica, sans-serif; font-size: 10pt;\">32.203<\/span><\/td>\n<\/tr>\n<tr>\n<td align=\"left\" height=\"20\"><span style=\"font-family: arial, helvetica, sans-serif; font-size: 10pt;\">N\u00famero de empr\u00e9stimos entre bibliotecas<\/span><\/td>\n<td align=\"right\"><span style=\"font-family: arial, helvetica, sans-serif; font-size: 10pt;\">303<\/span><\/td>\n<\/tr>\n<tr>\n<td align=\"left\" height=\"20\"><span style=\"font-family: arial, helvetica, sans-serif; font-size: 10pt;\">Usu\u00e1rios treinados em programas de capacita\u00e7\u00e3o<\/span><\/td>\n<td align=\"right\"><span style=\"font-family: arial, helvetica, sans-serif; font-size: 10pt;\">220<\/span><\/td>\n<\/tr>\n<tr>\n<td align=\"left\" height=\"20\"><span style=\"font-family: arial, helvetica, sans-serif; font-size: 10pt;\">N\u00famero de t\u00edtulos do acervo de livros impressos<\/span><\/td>\n<td align=\"right\"><span style=\"font-family: arial, helvetica, sans-serif; font-size: 10pt;\">31.490<\/span><\/td>\n<\/tr>\n<tr>\n<td align=\"left\" height=\"20\"><span style=\"font-family: arial, helvetica, sans-serif; font-size: 10pt;\">N\u00famero de exemplares do acervo de livros impressos<\/span><\/td>\n<td align=\"right\"><span style=\"font-family: arial, helvetica, sans-serif; font-size: 10pt;\">50.669 <\/span><\/td>\n<\/tr>\n<tr>\n<td align=\"left\" height=\"20\"><span style=\"font-family: arial, helvetica, sans-serif; font-size: 10pt;\">N\u00famero de t\u00edtulos do acervo de peri\u00f3dicos impressos<\/span><\/td>\n<td align=\"right\"><span style=\"font-family: arial, helvetica, sans-serif; font-size: 10pt;\">20.897<\/span><\/td>\n<\/tr>\n<tr>\n<td align=\"left\" height=\"20\"><span style=\"font-family: arial, helvetica, sans-serif; font-size: 10pt;\">N\u00famero de exemplares do acervo de peri\u00f3dicos impressos<\/span><\/td>\n<td align=\"right\"><span style=\"font-family: arial, helvetica, sans-serif; font-size: 10pt;\">19.828<\/span><\/td>\n<\/tr>\n<tr>\n<td align=\"left\" height=\"20\"><span style=\"font-family: arial, helvetica, sans-serif; font-size: 10pt;\">N\u00famero de t\u00edtulos de Outros Materiais<\/span><\/td>\n<td align=\"right\"><span style=\"font-family: arial, helvetica, sans-serif; font-size: 10pt;\">6.049<\/span><\/td>\n<\/tr>\n<tr>\n<td align=\"left\" height=\"20\"><span style=\"font-size: 10pt;\"><strong><span style=\"font-family: arial, helvetica, sans-serif;\">ACERVO TOTAL<\/span><\/strong><\/span><\/td>\n<td align=\"right\"><span style=\"font-size: 10pt;\"><strong><span style=\"font-family: arial, helvetica, sans-serif;\">77.615<\/span><\/strong><\/span><\/td>\n<\/tr>\n<\/tbody>\n<\/table>\n<p>[\/vc_column_text][\/vc_tta_section][\/vc_tta_accordion][\/vc_column][vc_column width=&#8221;1\/2&#8243;][vc_gallery interval=&#8221;3&#8243; images=&#8221;1248,1251,1252&#8243; img_size=&#8221;400&#215;300&#8243; onclick=&#8221;&#8221;][\/vc_column][\/vc_row][vc_row][vc_column][vc_tta_accordion color=&#8221;white&#8221; c_icon=&#8221;chevron&#8221; active_section=&#8221;10&#8243; collapsible_all=&#8221;true&#8221;][vc_tta_section title=&#8221;Acervo e Empr\u00e9stimos &#8211; Total Geral &#8211; 2017&#8243; tab_id=&#8221;1506513098417-98e95c38-e098&#8243;][vc_column_text]<\/p>\n<table class=\" aligncenter\" border=\"0\" cellspacing=\"0\">\n<thead>\n<tr>\n<td align=\"center\" height=\"36\"><\/td>\n<td align=\"center\"><strong><span style=\"font-family: arial, helvetica, sans-serif; font-size: 10pt;\">ACERVO<\/span><\/strong><\/td>\n<td align=\"center\"><strong><span style=\"font-family: arial, helvetica, sans-serif; font-size: 10pt;\">CEDETEG<\/span><\/strong><\/td>\n<td align=\"center\"><strong><span style=\"font-family: arial, helvetica, sans-serif; font-size: 10pt;\">SANTA CRUZ<\/span><\/strong><\/td>\n<td align=\"center\"><strong><span style=\"font-family: arial, helvetica, sans-serif; font-size: 10pt;\">IRATI<\/span><\/strong><\/td>\n<td align=\"center\"><strong><span style=\"font-family: arial, helvetica, sans-serif; font-size: 10pt;\">TOTAL<\/span><\/strong><\/td>\n<\/tr>\n<\/thead>\n<colgroup width=\"174\"><\/colgroup>\n<colgroup span=\"5\" width=\"85\"><\/colgroup>\n<tbody>\n<tr>\n<td rowspan=\"2\" align=\"left\" height=\"19\"><strong><span style=\"font-family: arial, helvetica, sans-serif; font-size: 10pt;\">Acervo Geral<\/span><\/strong><\/td>\n<td align=\"left\"><strong><span style=\"font-family: arial, helvetica, sans-serif; font-size: 10pt;\">Exemplares<\/span><\/strong><\/td>\n<td align=\"right\"><span style=\"font-family: arial, helvetica, sans-serif; font-size: 10pt;\">37.163<\/span><\/td>\n<td align=\"right\"><span style=\"font-family: arial, helvetica, sans-serif; font-size: 10pt;\">20.897<\/span><\/td>\n<td align=\"right\"><span style=\"font-family: arial, helvetica, sans-serif; font-size: 10pt;\">26.328<\/span><\/td>\n<td align=\"right\"><span style=\"font-family: arial, helvetica, sans-serif; font-size: 10pt;\">84.388<\/span><\/td>\n<\/tr>\n<tr>\n<td align=\"left\"><strong><span style=\"font-family: arial, helvetica, sans-serif; font-size: 10pt;\">Outros Materiais<\/span><\/strong><\/td>\n<td align=\"right\"><span style=\"font-family: arial, helvetica, sans-serif; font-size: 10pt;\">1.263<\/span><\/td>\n<td align=\"right\"><span style=\"font-family: arial, helvetica, sans-serif; font-size: 10pt;\">6.049<\/span><\/td>\n<td align=\"right\"><span style=\"font-family: arial, helvetica, sans-serif; font-size: 10pt;\">6.894<\/span><\/td>\n<td align=\"right\"><span style=\"font-family: arial, helvetica, sans-serif; font-size: 10pt;\">14.206<\/span><\/td>\n<\/tr>\n<tr>\n<td align=\"left\" height=\"36\"><strong><span style=\"font-family: arial, helvetica, sans-serif; font-size: 10pt;\">Acervo Total por\u00a0Campus<\/span><\/strong><\/td>\n<td align=\"left\"><\/td>\n<td align=\"right\"><strong><span style=\"font-family: arial, helvetica, sans-serif; font-size: 10pt;\">38.426<\/span><\/strong><\/td>\n<td align=\"right\"><strong><span style=\"font-family: arial, helvetica, sans-serif; font-size: 10pt;\">26.946<\/span><\/strong><\/td>\n<td align=\"right\"><strong><span style=\"font-family: arial, helvetica, sans-serif; font-size: 10pt;\">33.222<\/span><\/strong><\/td>\n<td align=\"right\"><strong><span style=\"font-family: arial, helvetica, sans-serif; font-size: 10pt;\">98.594<\/span><\/strong><\/td>\n<\/tr>\n<tr>\n<td align=\"left\" height=\"19\"><strong><span style=\"font-family: arial, helvetica, sans-serif; font-size: 10pt;\">Empr\u00e9stimos<\/span><\/strong><\/td>\n<td align=\"left\"><\/td>\n<td align=\"right\"><strong><span style=\"font-family: arial, helvetica, sans-serif; font-size: 10pt;\">17.283<\/span><\/strong><\/td>\n<td align=\"right\"><strong><span style=\"font-family: arial, helvetica, sans-serif; font-size: 10pt;\">32.203<\/span><\/strong><\/td>\n<td align=\"right\"><strong><span style=\"font-family: arial, helvetica, sans-serif; font-size: 10pt;\">24.523<\/span><\/strong><\/td>\n<td align=\"right\"><strong><span style=\"font-family: arial, helvetica, sans-serif; font-size: 10pt;\">74.009<\/span><\/strong><\/td>\n<\/tr>\n<\/tbody>\n<\/table>\n<p>[\/vc_column_text][\/vc_tta_section][\/vc_tta_accordion][\/vc_column][\/vc_row]<\/p>\n<\/div>","protected":false},"excerpt":{"rendered":"<p>[vc_row][vc_column width=&#8221;1\/2&#8243;][vc_column_text]Bibliotecas Presentes em todos os campi Universit\u00e1rios, as bibliotecas da UNICENTRO contam com um acervo de milhares de obras, incluindo livros, peri\u00f3dicos, disserta\u00e7\u00f5es, monografias, dentre outros. O acervo das Bibliotecas \u00e9 devidamente catalogado, segundo normas internacionais, s\u00e3o disponibilizados aos usu\u00e1rios diversos servi\u00e7os, incluindo \u00a0consulta \u00e0s obras existentes, reserva e renova\u00e7\u00e3o de empr\u00e9stimo online.\u00a0Outros servi\u00e7os [&hellip;]<\/p>\n","protected":false},"author":3,"featured_media":0,"parent":1351,"menu_order":0,"comment_status":"closed","ping_status":"closed","template":"","meta":{"_exactmetrics_skip_tracking":false,"_exactmetrics_sitenote_active":false,"_exactmetrics_sitenote_note":"","_exactmetrics_sitenote_category":0,"footnotes":"","_links_to":"","_links_to_target":""},"class_list":["post-869","page","type-page","status-publish","hentry"],"_links":{"self":[{"href":"https:\/\/www3.unicentro.br\/anuario\/wp-json\/wp\/v2\/pages\/869","targetHints":{"allow":["GET"]}}],"collection":[{"href":"https:\/\/www3.unicentro.br\/anuario\/wp-json\/wp\/v2\/pages"}],"about":[{"href":"https:\/\/www3.unicentro.br\/anuario\/wp-json\/wp\/v2\/types\/page"}],"author":[{"embeddable":true,"href":"https:\/\/www3.unicentro.br\/anuario\/wp-json\/wp\/v2\/users\/3"}],"replies":[{"embeddable":true,"href":"https:\/\/www3.unicentro.br\/anuario\/wp-json\/wp\/v2\/comments?post=869"}],"version-history":[{"count":0,"href":"https:\/\/www3.unicentro.br\/anuario\/wp-json\/wp\/v2\/pages\/869\/revisions"}],"up":[{"embeddable":true,"href":"https:\/\/www3.unicentro.br\/anuario\/wp-json\/wp\/v2\/pages\/1351"}],"wp:attachment":[{"href":"https:\/\/www3.unicentro.br\/anuario\/wp-json\/wp\/v2\/media?parent=869"}],"curies":[{"name":"wp","href":"https:\/\/api.w.org\/{rel}","templated":true}]}}