{"id":47,"date":"2017-04-03T15:57:19","date_gmt":"2017-04-03T18:57:19","guid":{"rendered":"https:\/\/www3.unicentro.br\/anuario\/?page_id=47"},"modified":"2017-08-09T13:29:25","modified_gmt":"2017-08-09T16:29:25","slug":"administracao","status":"publish","type":"page","link":"https:\/\/www3.unicentro.br\/anuario\/administracao\/","title":{"rendered":"Administra\u00e7\u00e3o"},"content":{"rendered":"<div class=\"wpb-content-wrapper\"><p>[vc_row][vc_column][vc_tta_accordion color=&#8221;white&#8221; c_icon=&#8221;chevron&#8221; active_section=&#8221;10&#8243; no_fill=&#8221;true&#8221; collapsible_all=&#8221;true&#8221;][vc_tta_section title=&#8221;Hist\u00f3rico&#8221; tab_id=&#8221;1493043535897-dcb385c9-58de&#8221;][vc_column_text]<span style=\"font-family: arial, helvetica, sans-serif;font-size: 10pt;color: #333333\">A trajet\u00f3ria hist\u00f3rica da Universidade Estadual do Centro-Oeste, UNICENTRO, teve in\u00edcio no come\u00e7o da d\u00e9cada de 1970, com a cria\u00e7\u00e3o da Funda\u00e7\u00e3o Faculdade Estadual de Filosofia, Ci\u00eancias e Letras de Guarapuava, FAFIG, e da Funda\u00e7\u00e3o Faculdade Estadual de Educa\u00e7\u00e3o, Ci\u00eancias e Letras de Irati, FECLI. A fus\u00e3o dessas duas Institui\u00e7\u00f5es deu origem \u00e0 UNICENTRO.<\/span><\/p>\n<p><span style=\"color: #333333;font-size: 10pt;font-family: arial, helvetica, sans-serif\">Em cinco de outubro de 1989, o art. 57 das Disposi\u00e7\u00f5es Transit\u00f3rias da Constitui\u00e7\u00e3o do Estado do Paran\u00e1 criou a Universidade do Centro-Oeste, UNICENTRO, sob a forma jur\u00eddica de Funda\u00e7\u00e3o de Direito P\u00fablico. Em treze de junho de 1990, por meio da Lei n\u00ba 9.295, ficou institu\u00edda a Funda\u00e7\u00e3o Universidade Estadual do Centro-Oeste, UNICENTRO, entidade mantenedora das duas faculdades origin\u00e1rias, com sede e foro na cidade de Guarapuava, Estado do Paran\u00e1.<\/span><\/p>\n<p><span style=\"color: #333333;font-size: 10pt;font-family: arial, helvetica, sans-serif\">Em julho de 1991, por meio da Lei Estadual n\u00ba 9.663, a UNICENTRO passou a integrar a administra\u00e7\u00e3o indireta do Estado do Paran\u00e1, na condi\u00e7\u00e3o de autarquia.<\/span><\/p>\n<p><span style=\"color: #333333;font-size: 10pt;font-family: arial, helvetica, sans-serif\">Em seis de dezembro de 1995, o Conselho Estadual de Educa\u00e7\u00e3o, CEE, reconheceu a Universidade Estadual do Centro-Oeste, UNICENTRO, por meio do seu Parecer 265\/95, o qual obteve aprova\u00e7\u00e3o do Minist\u00e9rio da Educa\u00e7\u00e3o, que recomendou favoravelmente o credenciamento da Institui\u00e7\u00e3o junto \u00e0 Presid\u00eancia da Rep\u00fablica.<\/span><\/p>\n<p><span style=\"color: #333333;font-size: 10pt;font-family: arial, helvetica, sans-serif\">Por for\u00e7a da Lei de Diretrizes e Bases da Educa\u00e7\u00e3o Nacional, LDB, n\u00b0 9.394, de 20 de dezembro de 1996, art.10, inciso IV, que incumbiu os Estados do reconhecimento das Institui\u00e7\u00f5es de Ensino Superior, a UNICENTRO foi reconhecida pelo Governador do Estado do Paran\u00e1, sendo o ato oficial formalizado por meio do Decreto n\u00b0 3.444, de oito de agosto de 1997, publicado no Di\u00e1rio Oficial do Estado do Paran\u00e1, sob n\u00b0 5.063, nessa mesma data.<\/span>[\/vc_column_text][\/vc_tta_section][vc_tta_section title=&#8221;Administra\u00e7\u00e3o Superior&#8221; tab_id=&#8221;1493043546733-ff9a454c-02c4&#8243;][vc_column_text]<\/p>\n<p style=\"text-align: justify\"><span style=\"font-family: Arial, sans-serif;font-size: 10pt;color: #333333\">Os \u00d3rg\u00e3os Executivos da Administra\u00e7\u00e3o Superior congregam fun\u00e7\u00f5es burocr\u00e1ticas e administrativas da Universidade e todos eles est\u00e3o agregados, direta ou indiretamente, \u00e0 Reitoria. S\u00e3o eles: Gabinete da Reitoria; Secretaria Geral dos \u00d3rg\u00e3os Colegiados Superiores; Auditoria; Procuradoria Jur\u00eddica; Pr\u00f3-Reitorias; Dire\u00e7\u00f5es de Campi Universit\u00e1rios, al\u00e9m de quatro Coordenadorias: de Processos Seletivos; de Comunica\u00e7\u00e3o Social; de Conv\u00eanio e Capta\u00e7\u00e3o de Recursos; de Tecnologia da Informa\u00e7\u00e3o. Cada \u00f3rg\u00e3o tem atua\u00e7\u00e3o conforme pol\u00edticas e a\u00e7\u00f5es aprovadas nos Conselhos Superiores, com desenvolvimento de atividades relacionadas \u00e0s atividades de ensino, pesquisa e extens\u00e3o.<br \/>\nNove Setores de Conhecimento e trinta e oito Departamentos Pedag\u00f3gicos constituem as unidades de ensino, pesquisa e extens\u00e3o da UNICENTRO, sendo respons\u00e1veis pela organiza\u00e7\u00e3o dos cursos de gradua\u00e7\u00e3o e de p\u00f3s-gradua\u00e7\u00e3o e dos projetos de pesquisa, de ensino e de extens\u00e3o. Em seu aspecto deliberativo, a Universidade estrutura-se atrav\u00e9s do Conselho Universit\u00e1rio, COU, inst\u00e2ncia m\u00e1xima da institui\u00e7\u00e3o, do Conselho de Ensino, Pesquisa e Extens\u00e3o, CEPE, e do Conselho de Administra\u00e7\u00e3o, CAD. <\/span><\/p>\n<p>[\/vc_column_text][\/vc_tta_section][vc_tta_section title=&#8221;Miss\u00e3o Institucional&#8221; tab_id=&#8221;1493043535902-c00e0e28-2b7d&#8221;][vc_column_text]<\/p>\n<p style=\"text-align: justify\"><span style=\"font-family: Arial, sans-serif;font-size: 10pt;color: #333333\">Propiciar a produ\u00e7\u00e3o, a guarda, o acesso e a dissemina\u00e7\u00e3o do conhecimento cient\u00edfico, da cultura, da arte e da tecnologia, formando pessoas eticamente respons\u00e1veis e profissionalmente qualificadas para efetiva atua\u00e7\u00e3o e transforma\u00e7\u00e3o do contexto socioecon\u00f4mico e pol\u00edtico em que atuam.<br \/>\nA fim de cumprir sua miss\u00e3o, a UNICENTRO desenvolve atividades acad\u00eamicas pautadas pela indissociabilidade entre ensino, pesquisa e extens\u00e3o, nas seguintes \u00e1reas do conhecimento: Ci\u00eancias Exatas e da Terra; Ci\u00eancias Biol\u00f3gicas; Engenharias; Ci\u00eancias Humanas, Letras e Artes; Ci\u00eancias da Sa\u00fade; Ci\u00eancias Agr\u00e1rias e Ci\u00eancias Sociais Aplicadas. <\/span><\/p>\n<p style=\"text-align: justify\"><span style=\"color: #333333;font-size: 10pt\"><span style=\"font-family: Arial, sans-serif\">\u00a0<\/span><\/span><\/p>\n<p>[\/vc_column_text][\/vc_tta_section][vc_tta_section title=&#8221;Vis\u00e3o&#8221; tab_id=&#8221;1493043550925-9feda8bf-b6cc&#8221;][vc_column_text]<\/p>\n<p style=\"text-align: justify\"><span style=\"font-family: Arial, sans-serif;color: #333333;font-size: 10pt\">Ser refer\u00eancia em termos de qualidade em universidade p\u00fablica, democr\u00e1tica e aut\u00f4noma, com gratuidade na oferta de cursos de gradua\u00e7\u00e3o e p\u00f3s-gradua\u00e7\u00e3o <em>stricto sensu<\/em>, com atua\u00e7\u00e3o nos cen\u00e1rios regional, nacional e internacional, a partir de a\u00e7\u00f5es cooperativas e integradas dos seus \u00f3rg\u00e3os administrativos e setores de conhecimento com a sociedade, de forma a contribuir para o dinamismo socioecon\u00f4mico, educativo, cultural, cient\u00edfico e tecnol\u00f3gico em sua \u00e1rea de atua\u00e7\u00e3o.<\/span><\/p>\n<p>[\/vc_column_text][\/vc_tta_section][vc_tta_section title=&#8221;Abrang\u00eancia&#8221; tab_id=&#8221;1493043554352-47bd2750-f36f&#8221;][vc_column_text]<\/p>\n<p style=\"text-align: justify\"><span style=\"font-size: 10pt;color: #333333\"><span style=\"font-family: Arial, sans-serif\">A abrang\u00eancia territorial da UNICENTRO intensificou-se a partir da cria\u00e7\u00e3o dos hoje denominados <\/span><em><span style=\"font-family: Arial, sans-serif\">Campi <\/span><\/em><span style=\"font-family: Arial, sans-serif\">Avan\u00e7ados, que s\u00e3o unidades universit\u00e1rias localizadas nas cidades de Pitanga, Laranjeiras do Sul, Prudent\u00f3polis,<\/span><\/span><span style=\"font-size: 10pt;color: #333333\"><span style=\"font-family: Arial, sans-serif\"> Chopinzinho e Coronel Vivida, os quais s\u00e3o mantidos em conv\u00eanios com as respectivas Prefeituras Municipais e ofertam cursos de Gradua\u00e7\u00e3o e de P\u00f3s-Gradua\u00e7\u00e3o.<\/span><\/span><\/p>\n<p class=\"western\" style=\"text-align: justify\" align=\"JUSTIFY\"><span style=\"color: #333333;font-size: 10pt\"><span style=\"font-family: Arial, sans-serif\">Em 2005, ap\u00f3s estudos e discuss\u00f5es internas, a UNICENTRO passou a ofertar cursos de Gradua\u00e7\u00e3o na modalidade de Educa\u00e7\u00e3o a Dist\u00e2ncia, EAD. Com um N\u00facleo especializado, o NEAD, foram firmadas parcerias, desenvolvidas tecnologias e ofertadas oportunidades de forma\u00e7\u00e3o de docentes e monitores interessados nessa modalidade de ensino. Em 2008, a UNICENTRO passou a integrar o Sistema Universidade Aberta do Brasil, UAB, do Governo Federal, e intensificou os seus empreendimentos em EAD, com produ\u00e7\u00e3o de material, forma\u00e7\u00e3o docente para a modalidade e amplia\u00e7\u00e3o das ofertas abrangendo novas Gradua\u00e7\u00f5es, al\u00e9m de P\u00f3s-Gradua\u00e7\u00f5es e Cursos de Aperfei\u00e7oamento, em fluxo cont\u00ednuo, de acordo com demandas das comunidade atendidas, disponibilidade e interesse dos Setores e Departamentos Pedag\u00f3gicos da Institui\u00e7\u00e3o.<\/span><\/span><\/p>\n<p class=\"western\" style=\"text-align: justify\" align=\"JUSTIFY\"><span style=\"font-size: 10pt;color: #333333\"><span style=\"font-family: Arial, sans-serif\">Al\u00e9m disso, em 2007, houve a transforma\u00e7\u00e3o do at\u00e9 ent\u00e3o denominado Centro Polit\u00e9cnico CEDETEG em <\/span><em><span style=\"font-family: Arial, sans-serif\">Campus <\/span><\/em><span style=\"font-family: Arial, sans-serif\">Universit\u00e1rio. Situado em Guarapuava, esse novo <\/span><em><span style=\"font-family: Arial, sans-serif\">Campus <\/span><\/em><span style=\"font-family: Arial, sans-serif\">conta com excelente estrutura f\u00edsica e tecnol\u00f3gica e abriga os cursos de Gradua\u00e7\u00e3o e de P\u00f3s-Gradua\u00e7\u00e3o das \u00e1reas de Ci\u00eancias da Sa\u00fade, de Ci\u00eancias Exatas e de Tecnologia e de Ci\u00eancias Agr\u00e1rias e Ambientais, al\u00e9m de in\u00fameras a\u00e7\u00f5es extensionistas.<\/span><\/span><\/p>\n<p>[\/vc_column_text][\/vc_tta_section][\/vc_tta_accordion][\/vc_column][\/vc_row]<\/p>\n<\/div>","protected":false},"excerpt":{"rendered":"<p>[vc_row][vc_column][vc_tta_accordion color=&#8221;white&#8221; c_icon=&#8221;chevron&#8221; active_section=&#8221;10&#8243; no_fill=&#8221;true&#8221; collapsible_all=&#8221;true&#8221;][vc_tta_section title=&#8221;Hist\u00f3rico&#8221; tab_id=&#8221;1493043535897-dcb385c9-58de&#8221;][vc_column_text]A trajet\u00f3ria hist\u00f3rica da Universidade Estadual do Centro-Oeste, UNICENTRO, teve in\u00edcio no come\u00e7o da d\u00e9cada de 1970, com a cria\u00e7\u00e3o da Funda\u00e7\u00e3o Faculdade Estadual de Filosofia, Ci\u00eancias e Letras de Guarapuava, FAFIG, e da Funda\u00e7\u00e3o Faculdade Estadual de Educa\u00e7\u00e3o, Ci\u00eancias e Letras de Irati, FECLI. A fus\u00e3o dessas [&hellip;]<\/p>\n","protected":false},"author":3,"featured_media":0,"parent":0,"menu_order":0,"comment_status":"closed","ping_status":"closed","template":"","meta":{"_exactmetrics_skip_tracking":false,"_exactmetrics_sitenote_active":false,"_exactmetrics_sitenote_note":"","_exactmetrics_sitenote_category":0,"footnotes":"","_links_to":"","_links_to_target":""},"class_list":["post-47","page","type-page","status-publish","hentry"],"_links":{"self":[{"href":"https:\/\/www3.unicentro.br\/anuario\/wp-json\/wp\/v2\/pages\/47","targetHints":{"allow":["GET"]}}],"collection":[{"href":"https:\/\/www3.unicentro.br\/anuario\/wp-json\/wp\/v2\/pages"}],"about":[{"href":"https:\/\/www3.unicentro.br\/anuario\/wp-json\/wp\/v2\/types\/page"}],"author":[{"embeddable":true,"href":"https:\/\/www3.unicentro.br\/anuario\/wp-json\/wp\/v2\/users\/3"}],"replies":[{"embeddable":true,"href":"https:\/\/www3.unicentro.br\/anuario\/wp-json\/wp\/v2\/comments?post=47"}],"version-history":[{"count":0,"href":"https:\/\/www3.unicentro.br\/anuario\/wp-json\/wp\/v2\/pages\/47\/revisions"}],"wp:attachment":[{"href":"https:\/\/www3.unicentro.br\/anuario\/wp-json\/wp\/v2\/media?parent=47"}],"curies":[{"name":"wp","href":"https:\/\/api.w.org\/{rel}","templated":true}]}}