{"id":45,"date":"2017-04-03T15:56:59","date_gmt":"2017-04-03T18:56:59","guid":{"rendered":"https:\/\/www3.unicentro.br\/anuario\/?page_id=45"},"modified":"2022-11-30T16:27:24","modified_gmt":"2022-11-30T19:27:24","slug":"palavra-do-reitor","status":"publish","type":"page","link":"https:\/\/www3.unicentro.br\/anuario\/palavra-do-reitor\/","title":{"rendered":"Palavras do Reitor"},"content":{"rendered":"<div class=\"wpb-content-wrapper\"><p>[vc_row][vc_column][vc_column_text]<span style=\"font-family: arial, helvetica, sans-serif;font-size: 18pt;color: #333333\">Palavras do Reitor <\/span><\/p>\n<p style=\"text-align: justify\"><span style=\"font-family: arial, helvetica, sans-serif\">O Anu\u00e1rio Estat\u00edstico da Unicentro chega \u00e0 quarta edi\u00e7\u00e3o e reafirma sua miss\u00e3o em fornecer \u00e0 opini\u00e3o p\u00fablica em geral um panorama dos principais indicadores de desempenho da Universidade nas \u00e1reas de ensino, pesquisa, extens\u00e3o, cultura e presta\u00e7\u00e3o de servi\u00e7os \u00e0 comunidade.<\/span><\/p>\n<p style=\"text-align: justify\"><span style=\"font-family: arial, helvetica, sans-serif\">Os dados institucionais apresentados indicam o n\u00famero de alunos, matr\u00edculas, ingressantes, concluintes, cursos e vagas, corpo docente e t\u00e9cnico, infraestrutura, recursos de biblioteca, projetos de pesquisa e extens\u00e3o, presta\u00e7\u00e3o de servi\u00e7os, dentre outros, e servem como norteadores para a racionaliza\u00e7\u00e3o, efici\u00eancia e busca da otimiza\u00e7\u00e3o dos recursos p\u00fablicos na Unicentro.<\/span><\/p>\n<p style=\"text-align: justify\"><span style=\"font-family: arial, helvetica, sans-serif\">Al\u00e9m disso, as informa\u00e7\u00f5es e indicadores presentes nesta edi\u00e7\u00e3o refletem o cont\u00ednuo crescimento quantitativo e qualitativo da Unicentro nos \u00faltimos anos e constituem n\u00e3o apenas uma base de dados que evidencia os n\u00edveis de desenvolvimento acad\u00eamico e cient\u00edfico da Universidade, mas, tamb\u00e9m um valioso instrumento para o planejamento estrat\u00e9gico institucional.<\/span><\/p>\n<p style=\"text-align: justify\"><span style=\"font-family: arial, helvetica, sans-serif\">Acreditamos que oferecer esse retrato da Unicentro e suas atividades \u00e0 comunidade \u00e9 uma forma de valorizar o papel social e econ\u00f4mico da Universidade P\u00fablica e instigar a participa\u00e7\u00e3o social, fomentando o debate para a melhoria do Ensino Superior Paranaense.<\/span><\/p>\n<p style=\"text-align: justify\"><span style=\"font-family: arial, helvetica, sans-serif\">Boa leitura e boa consulta!<\/span><\/p>\n<p style=\"text-align: right\"><strong><span style=\"font-family: arial, helvetica, sans-serif\">Fabio Hernandes<\/span><\/strong><br \/>\n<span style=\"font-family: arial, helvetica, sans-serif\">Reitor da UNICENTRO<\/span><\/p>\n<p>[\/vc_column_text][\/vc_column][\/vc_row]<\/p>\n<\/div>","protected":false},"excerpt":{"rendered":"<p>[vc_row][vc_column][vc_column_text]Palavras do Reitor O Anu\u00e1rio Estat\u00edstico da Unicentro chega \u00e0 quarta edi\u00e7\u00e3o e reafirma sua miss\u00e3o em fornecer \u00e0 opini\u00e3o p\u00fablica em geral um panorama dos principais indicadores de desempenho da Universidade nas \u00e1reas de ensino, pesquisa, extens\u00e3o, cultura e presta\u00e7\u00e3o de servi\u00e7os \u00e0 comunidade. Os dados institucionais apresentados indicam o n\u00famero de alunos, matr\u00edculas, [&hellip;]<\/p>\n","protected":false},"author":3,"featured_media":0,"parent":0,"menu_order":0,"comment_status":"closed","ping_status":"closed","template":"","meta":{"_exactmetrics_skip_tracking":false,"_exactmetrics_sitenote_active":false,"_exactmetrics_sitenote_note":"","_exactmetrics_sitenote_category":0,"footnotes":"","_links_to":"","_links_to_target":""},"class_list":["post-45","page","type-page","status-publish","hentry"],"_links":{"self":[{"href":"https:\/\/www3.unicentro.br\/anuario\/wp-json\/wp\/v2\/pages\/45","targetHints":{"allow":["GET"]}}],"collection":[{"href":"https:\/\/www3.unicentro.br\/anuario\/wp-json\/wp\/v2\/pages"}],"about":[{"href":"https:\/\/www3.unicentro.br\/anuario\/wp-json\/wp\/v2\/types\/page"}],"author":[{"embeddable":true,"href":"https:\/\/www3.unicentro.br\/anuario\/wp-json\/wp\/v2\/users\/3"}],"replies":[{"embeddable":true,"href":"https:\/\/www3.unicentro.br\/anuario\/wp-json\/wp\/v2\/comments?post=45"}],"version-history":[{"count":0,"href":"https:\/\/www3.unicentro.br\/anuario\/wp-json\/wp\/v2\/pages\/45\/revisions"}],"wp:attachment":[{"href":"https:\/\/www3.unicentro.br\/anuario\/wp-json\/wp\/v2\/media?parent=45"}],"curies":[{"name":"wp","href":"https:\/\/api.w.org\/{rel}","templated":true}]}}