{"id":2578,"date":"2023-10-23T11:16:22","date_gmt":"2023-10-23T14:16:22","guid":{"rendered":"https:\/\/www3.unicentro.br\/anuario\/?page_id=2578"},"modified":"2023-10-23T11:20:47","modified_gmt":"2023-10-23T14:20:47","slug":"recursos-humanos","status":"publish","type":"page","link":"https:\/\/www3.unicentro.br\/anuario\/anuario-2021\/recursos-humanos\/","title":{"rendered":"Recursos Humanos"},"content":{"rendered":"<div class=\"wpb-content-wrapper\"><p>[vc_row][vc_column width=&#8221;1\/2&#8243;][vc_column_text]<\/p>\n<p style=\"text-align: justify\"><span style=\"font-size: 16pt\">Colaboradores<\/span><\/p>\n<p style=\"text-align: justify\" align=\"JUSTIFY\">Em sua rotina a Universidade conta com uma equipe de gest\u00e3o direcionada composta por professores, agentes universit\u00e1rios e estagi\u00e1rios. O setor interno respons\u00e1vel pela contrata\u00e7\u00e3o, orienta\u00e7\u00e3o e acompanhamento desses colaboradores \u00e9 a Pr\u00f3-Reitoria de Recursos Humanos, PRORH. destacar que, desde maio de 2018, esta Pr\u00f3-Reitoria deixou de contar com os profissionais das \u00e1reas de Psicologia, Servi\u00e7o Social e Engenharia de Seguran\u00e7a do Trabalho, tendo em vista o t\u00e9rmino dos contratos tempor\u00e1rios dos servidores contratados para essas \u00e1reas, bem como a falta de autoriza\u00e7\u00e3o governamental para reoferta dessas fun\u00e7\u00f5es em concurso p\u00fablico ou, minimamente, em teste seletivo. Por essa raz\u00e3o, as atividades desenvolvidas no \u00e2mbito da ProRH nas \u00e1reas referenciadas foram temporariamente interrompidas, sendo que as a\u00e7\u00f5es referentes \u00e0 Psicologia e ao Servi\u00e7o Social t\u00eam sido realizadas no \u00e2mbito da Coordenadoria de Apoio ao Estudante, Coorae, contudo, em uma perspectiva ampliada aos acad\u00eamicos.<\/p>\n<p>[\/vc_column_text][\/vc_column][vc_column width=&#8221;1\/2&#8243;][vc_gallery interval=&#8221;3&#8243; images=&#8221;2917,2918,2919,2920,2921,2922&#8243; img_size=&#8221;large&#8221; onclick=&#8221;&#8221;][\/vc_column][\/vc_row][vc_row][vc_column][vc_tta_accordion color=&#8221;white&#8221; c_icon=&#8221;chevron&#8221; active_section=&#8221;30&#8243; collapsible_all=&#8221;true&#8221; title=&#8221;Dados Gerais&#8221;][vc_tta_section title=&#8221;Quadro de Docentes por Tipo de V\u00ednculo e Titula\u00e7\u00e3o &#8211; 2021&#8243; tab_id=&#8221;1496412979728-0a25c7ae-af1c&#8221;][vc_column_text]<\/p>\n<table class=\" aligncenter\" style=\"width: 38.2128%;height: 138px\" border=\"0\" width=\"449\" cellspacing=\"0\">\n<thead>\n<tr style=\"height: 23px\">\n<td style=\"height: 23px;width: 29.3279%\" align=\"center\" height=\"20\"><strong>ESCOLARIDADE<\/strong><\/td>\n<td style=\"height: 23px;width: 18.7373%\" align=\"center\"><strong>EFETIVOS<\/strong><\/td>\n<td style=\"height: 23px;width: 33.1976%\" align=\"center\"><strong>COLABORADORES<\/strong><\/td>\n<td style=\"height: 23px;width: 18.3299%\" align=\"center\"><strong>TOTAL<\/strong><\/td>\n<\/tr>\n<\/thead>\n<caption><strong>DOCENTES POR TIPO DE V\u00cdNCULO E TITULA\u00c7\u00c3O \u2013 2021<\/strong><\/caption>\n<colgroup width=\"138\"><\/colgroup>\n<colgroup width=\"89\"><\/colgroup>\n<colgroup width=\"160\"><\/colgroup>\n<colgroup width=\"198\"><\/colgroup>\n<tbody>\n<tr style=\"height: 23px\">\n<td style=\"height: 23px;width: 29.3279%\" align=\"left\" height=\"20\">Gradua\u00e7\u00e3o<\/td>\n<td style=\"height: 23px;width: 18.7373%;text-align: right\" align=\"right\">01<\/td>\n<td style=\"height: 23px;width: 33.1976%;text-align: right\" align=\"right\">00<\/td>\n<td style=\"height: 23px;width: 18.3299%;text-align: right\" align=\"right\"><strong>01<\/strong><\/td>\n<\/tr>\n<tr style=\"height: 23px\">\n<td style=\"height: 23px;width: 29.3279%\" align=\"left\" height=\"20\">Especializa\u00e7\u00e3o<\/td>\n<td style=\"height: 23px;width: 18.7373%;text-align: right\" align=\"right\">07<\/td>\n<td style=\"height: 23px;width: 33.1976%;text-align: right\" align=\"right\">37<\/td>\n<td style=\"height: 23px;width: 18.3299%;text-align: right\" align=\"right\"><strong>44<\/strong><\/td>\n<\/tr>\n<tr style=\"height: 23px\">\n<td style=\"height: 23px;width: 29.3279%\" align=\"left\" height=\"20\">Mestrado<\/td>\n<td style=\"height: 23px;width: 18.7373%;text-align: right\" align=\"right\">72<\/td>\n<td style=\"height: 23px;width: 33.1976%;text-align: right\" align=\"right\">151<\/td>\n<td style=\"height: 23px;width: 18.3299%;text-align: right\" align=\"right\"><strong>223<\/strong><\/td>\n<\/tr>\n<tr style=\"height: 23px\">\n<td style=\"height: 23px;width: 29.3279%\" align=\"left\" height=\"20\">Doutorado<\/td>\n<td style=\"height: 23px;width: 18.7373%;text-align: right\" align=\"right\">473<\/td>\n<td style=\"height: 23px;width: 33.1976%;text-align: right\" align=\"right\">157<\/td>\n<td style=\"height: 23px;width: 18.3299%;text-align: right\" align=\"right\"><strong>630<\/strong><\/td>\n<\/tr>\n<tr style=\"height: 23px\">\n<td style=\"height: 23px;width: 29.3279%\" align=\"left\" height=\"20\"><strong>TOTAL<\/strong><\/td>\n<td style=\"height: 23px;width: 18.7373%;text-align: right\" align=\"right\"><strong>553<\/strong><\/td>\n<td style=\"height: 23px;width: 33.1976%;text-align: right\" align=\"right\"><strong>345<\/strong><\/td>\n<td style=\"height: 23px;width: 18.3299%;text-align: right\" align=\"right\"><strong>898<\/strong><\/td>\n<\/tr>\n<\/tbody>\n<\/table>\n<p>[\/vc_column_text][\/vc_tta_section][vc_tta_section title=&#8221;Quadro de Agentes Universit\u00e1rios Tempor\u00e1rios &#8211; 2021&#8243; tab_id=&#8221;1496412979740-211946cd-c055&#8243;][vc_column_text]<\/p>\n<table class=\" aligncenter\" style=\"width: 45.8593%\" width=\"605\">\n<caption><strong>AGENTES UNIVERSIT\u00c1RIOS TEMPOR\u00c1RIOS &#8211; 2021<\/strong><\/caption>\n<thead>\n<tr>\n<td style=\"width: 23.5489%\"><strong>TITULA\u00c7\u00c3O<\/strong><\/td>\n<td style=\"width: 20.7297%\"><strong>QUANTIDADE<\/strong><\/td>\n<\/tr>\n<\/thead>\n<tbody>\n<tr>\n<td style=\"width: 23.5489%;text-align: left\">Doutorado<\/td>\n<td style=\"width: 20.7297%;text-align: right\">00<\/td>\n<\/tr>\n<tr>\n<td style=\"width: 23.5489%;text-align: left\">Mestrado<\/td>\n<td style=\"width: 20.7297%;text-align: right\">02<\/td>\n<\/tr>\n<tr>\n<td style=\"width: 23.5489%;text-align: left\">Especializa\u00e7\u00e3o<\/td>\n<td style=\"width: 20.7297%;text-align: right\">08<\/td>\n<\/tr>\n<tr>\n<td style=\"width: 23.5489%;text-align: left\">N\u00edvel Superior<\/td>\n<td style=\"width: 20.7297%;text-align: right\">05<\/td>\n<\/tr>\n<tr>\n<td style=\"width: 23.5489%;text-align: left\">Sem N\u00edvel Superior<\/td>\n<td style=\"width: 20.7297%;text-align: right\">01<\/td>\n<\/tr>\n<tr>\n<td style=\"width: 23.5489%;text-align: left\"><strong>TOTAL<\/strong><\/td>\n<td style=\"width: 20.7297%;text-align: right\">16<\/td>\n<\/tr>\n<\/tbody>\n<\/table>\n<p>[\/vc_column_text][\/vc_tta_section][vc_tta_section title=&#8221;Quadro de Agentes Universit\u00e1rios Efetivos &#8211; 2021&#8243; tab_id=&#8221;1496412979742-ff00ae98-1158&#8243;][vc_column_text]<\/p>\n<table class=\" aligncenter\" style=\"width: 45.8593%;height: 168px\" width=\"605\">\n<caption><strong>AGENTES UNIVERSIT\u00c1RIOS EFETIVOS &#8211; 2021<\/strong><\/caption>\n<thead>\n<tr style=\"height: 24px\">\n<td style=\"width: 25.0415%;height: 24px\"><strong>TITULA\u00c7\u00c3O<\/strong><\/td>\n<td style=\"width: 20.2322%;height: 24px\"><strong>QUANTIDADE<\/strong><\/td>\n<\/tr>\n<\/thead>\n<tbody>\n<tr style=\"height: 24px\">\n<td style=\"width: 25.0415%;text-align: left;height: 24px\">Doutorado<\/td>\n<td style=\"width: 20.2322%;text-align: right;height: 24px\">10<\/td>\n<\/tr>\n<tr style=\"height: 24px\">\n<td style=\"width: 25.0415%;text-align: left;height: 24px\">Mestrado<\/td>\n<td style=\"width: 20.2322%;text-align: right;height: 24px\">47<\/td>\n<\/tr>\n<tr style=\"height: 24px\">\n<td style=\"width: 25.0415%;text-align: left;height: 24px\">Especializa\u00e7\u00e3o<\/td>\n<td style=\"width: 20.2322%;text-align: right;height: 24px\">92<\/td>\n<\/tr>\n<tr style=\"height: 24px\">\n<td style=\"width: 25.0415%;text-align: left;height: 24px\">N\u00edvel Superior<\/td>\n<td style=\"width: 20.2322%;text-align: right;height: 24px\">48<\/td>\n<\/tr>\n<tr style=\"height: 24px\">\n<td style=\"width: 25.0415%;text-align: left;height: 24px\">Sem N\u00edvel Superior<\/td>\n<td style=\"width: 20.2322%;text-align: right;height: 24px\">30<\/td>\n<\/tr>\n<tr style=\"height: 24px\">\n<td style=\"width: 25.0415%;text-align: left;height: 24px\"><strong>TOTAL<\/strong><\/td>\n<td style=\"width: 20.2322%;text-align: right;height: 24px\">227<\/td>\n<\/tr>\n<\/tbody>\n<\/table>\n<p>[\/vc_column_text][\/vc_tta_section][vc_tta_section title=&#8221;Quadro Geral de Servidores &#8211; 2021&#8243; tab_id=&#8221;1496412979744-a469bd39-35e7&#8243;][vc_column_text]<\/p>\n<table class=\" aligncenter\" style=\"width: 43.8199%;height: 138px\" width=\"43.8199%\">\n<caption><strong>QUADRO GERAL DE SERVIDORES &#8211; 2021<\/strong><\/caption>\n<thead>\n<tr style=\"height: 23px\">\n<td style=\"width: 31.2715%;height: 23px\" colspan=\"2\"><strong>QUADRO DE PESSOA<\/strong><\/td>\n<td style=\"width: 15.1203%;height: 23px\"><strong>CEDETEG<\/strong><\/td>\n<td style=\"width: 9.27835%;height: 23px\"><strong>IRATI<\/strong><\/td>\n<td style=\"width: 19.9313%;height: 23px\"><strong>SANTA CRUZ<\/strong><\/td>\n<td style=\"width: 10.6529%;height: 23px\"><strong>TOTAL<\/strong><\/td>\n<\/tr>\n<\/thead>\n<tbody>\n<tr style=\"height: 23px\">\n<td style=\"text-align: left;width: 19.7595%;height: 46px\" rowspan=\"2\">Estatut\u00e1rio<\/td>\n<td style=\"text-align: left;width: 11.512%;height: 23px\">Agente<\/td>\n<td style=\"text-align: right;width: 15.1203%;height: 23px\">42<\/td>\n<td style=\"text-align: right;width: 9.27835%;height: 23px\">55<\/td>\n<td style=\"text-align: right;width: 19.9313%;height: 23px\">114<\/td>\n<td style=\"text-align: right;width: 10.6529%;height: 23px\">211<\/td>\n<\/tr>\n<tr style=\"height: 23px\">\n<td style=\"text-align: left;width: 11.512%;height: 23px\">Docente<\/td>\n<td style=\"text-align: right;width: 15.1203%;height: 23px\">228<\/td>\n<td style=\"text-align: right;width: 9.27835%;height: 23px\">153<\/td>\n<td style=\"text-align: right;width: 19.9313%;height: 23px\">172<\/td>\n<td style=\"text-align: right;width: 10.6529%;height: 23px\">553<\/td>\n<\/tr>\n<tr style=\"height: 23px\">\n<td style=\"text-align: left;width: 19.7595%;height: 23px\">Colaborador<\/td>\n<td style=\"text-align: left;width: 11.512%;height: 23px\">Docente<\/td>\n<td style=\"text-align: right;width: 15.1203%;height: 23px\">140<\/td>\n<td style=\"text-align: right;width: 9.27835%;height: 23px\">87<\/td>\n<td style=\"text-align: right;width: 19.9313%;height: 23px\">118<\/td>\n<td style=\"text-align: right;width: 10.6529%;height: 23px\">345<\/td>\n<\/tr>\n<tr style=\"height: 23px\">\n<td style=\"text-align: left;width: 19.7595%;height: 23px\">Uab\/Conv\u00eanio<\/td>\n<td style=\"text-align: left;width: 11.512%;height: 23px\">Agente<\/td>\n<td style=\"text-align: right;width: 15.1203%;height: 23px\">00<\/td>\n<td style=\"text-align: right;width: 9.27835%;height: 23px\">01<\/td>\n<td style=\"text-align: right;width: 19.9313%;height: 23px\">15<\/td>\n<td style=\"text-align: right;width: 10.6529%;height: 23px\">16<\/td>\n<\/tr>\n<tr style=\"height: 23px\">\n<td style=\"text-align: left;width: 31.2715%;height: 23px\" colspan=\"2\"><strong>TOTAL GERAL<\/strong><\/td>\n<td style=\"text-align: right;width: 15.1203%;height: 23px\">410<\/td>\n<td style=\"text-align: right;width: 9.27835%;height: 23px\">296<\/td>\n<td style=\"text-align: right;width: 19.9313%;height: 23px\">419<\/td>\n<td style=\"text-align: right;width: 10.6529%;height: 23px\">1.125<\/td>\n<\/tr>\n<\/tbody>\n<\/table>\n<p>[\/vc_column_text][\/vc_tta_section][vc_tta_section title=&#8221;Programa de Valoriza\u00e7\u00e3o e Relacionamento dos Servidores da Unicentro, PROVARS, e Projeto Bem Estar &#8211; 2021&#8243; tab_id=&#8221;1496412979747-022a7736-5a3c&#8221;][vc_column_text]<\/p>\n<table class=\" aligncenter\" style=\"width: 100%;height: 317px\" border=\"0\" cellspacing=\"0\">\n<thead>\n<tr style=\"height: 47px\">\n<td style=\"height: 47px\" align=\"center\" height=\"20\"><strong>DATA DE REALIZA\u00c7\u00c3O<\/strong><\/td>\n<td style=\"height: 47px\" align=\"center\"><strong>EVENTO<\/strong><\/td>\n<td style=\"height: 47px\" align=\"center\"><strong>LOCAL<\/strong><\/td>\n<\/tr>\n<\/thead>\n<colgroup width=\"197\"><\/colgroup>\n<colgroup width=\"760\"><\/colgroup>\n<colgroup width=\"240\"><\/colgroup>\n<tbody>\n<tr style=\"height: 23px\">\n<td style=\"height: 23px\" align=\"left\" height=\"20\">28\/07\/2021<\/td>\n<td style=\"height: 23px\" align=\"left\">Depois da Tempestade sempre haver\u00e1 Luz \u2013 Covid-19: situa\u00e7\u00e3o atual, preven\u00e7\u00e3o e esperan\u00e7a.<\/td>\n<td style=\"height: 23px\" align=\"left\">Santa Cruz, Cedeteg e Irati \u2013 Modalidade Online<\/td>\n<\/tr>\n<tr style=\"height: 23px\">\n<td style=\"height: 23px\" align=\"left\" height=\"20\">Abril<\/td>\n<td style=\"height: 23px\" align=\"left\">Encontro sobre Rotinas Institucionais<\/td>\n<td style=\"height: 23px\" align=\"left\">Santa Cruz, Cedeteg e Irati \u2013 Modalidade Online<\/td>\n<\/tr>\n<\/tbody>\n<\/table>\n<p>[\/vc_column_text][\/vc_tta_section][vc_tta_section title=&#8221;Projeto Integra\u00e7\u00e3o: Conhecendo a Unicentro &#8211; 2021&#8243; tab_id=&#8221;49ecc253-aadb-cl&#8221;][vc_column_text]<\/p>\n<table class=\" aligncenter\" border=\"0\" cellspacing=\"0\">\n<thead>\n<tr>\n<td style=\"text-align: center\" align=\"center\" height=\"20\"><strong>DATA DE REALIZA\u00c7\u00c3O<\/strong><\/td>\n<td style=\"text-align: center\" align=\"center\"><strong>OFICINA<\/strong><\/td>\n<td style=\"text-align: center\" align=\"center\"><strong>LOCAL<\/strong><\/td>\n<\/tr>\n<\/thead>\n<colgroup width=\"197\"><\/colgroup>\n<colgroup width=\"760\"><\/colgroup>\n<colgroup width=\"240\"><\/colgroup>\n<tbody>\n<tr>\n<td align=\"left\" height=\"20\">07\/07\/2021<\/td>\n<td align=\"left\">Pr\u00f3-Reitoria de Planejamento, PROPLAN \/<span style=\"font-family: inherit;font-size: inherit\">Coordenadoria de Tecnologia e Informa\u00e7\u00e3o, COORTI.<\/span><\/td>\n<td align=\"left\"><i>Online<\/i><\/td>\n<\/tr>\n<tr>\n<td align=\"left\" height=\"20\">03\/08\/2021<\/td>\n<td align=\"left\">Pr\u00f3-Reitoria de Ensino, PROEN \/<span style=\"font-family: inherit;font-size: inherit\">Assist\u00eancia Estudantil.<\/span><\/td>\n<td align=\"left\"><i>Online<\/i><\/td>\n<\/tr>\n<tr>\n<td align=\"left\" height=\"20\">14\/09\/2021<\/td>\n<td align=\"left\">Pr\u00f3-Reitoria de Extens\u00e3o e Cultura, Proec. Coordenadoria de Educa\u00e7\u00e3o a Dist\u00e2ncia, Coored.<\/td>\n<td align=\"left\"><em>Online<\/em><\/td>\n<\/tr>\n<tr>\n<td align=\"left\" height=\"20\">05\/10\/2021<\/td>\n<td align=\"left\">Pr\u00f3-Reitoria de Administra\u00e7\u00e3o e Finan\u00e7as, Proaf. Coordenadoria de Conv\u00eanios e Capta\u00e7\u00e3o de Recursos \u2013 Coorcap.<\/td>\n<td align=\"left\"><i>Online<\/i><\/td>\n<\/tr>\n<tr>\n<td>26\/10\/2021<\/td>\n<td>Pr\u00f3-Reitoria de Recursos Humanos, ProRH.<\/td>\n<td><i>Online<\/i><\/td>\n<\/tr>\n<\/tbody>\n<\/table>\n<p>[\/vc_column_text][\/vc_tta_section][\/vc_tta_accordion][\/vc_column][\/vc_row]<\/p>\n<\/div>","protected":false},"excerpt":{"rendered":"<p>[vc_row][vc_column width=&#8221;1\/2&#8243;][vc_column_text] Colaboradores Em sua rotina a Universidade conta com uma equipe de gest\u00e3o direcionada composta por professores, agentes universit\u00e1rios e estagi\u00e1rios. O setor interno respons\u00e1vel pela contrata\u00e7\u00e3o, orienta\u00e7\u00e3o e acompanhamento desses colaboradores \u00e9 a Pr\u00f3-Reitoria de Recursos Humanos, PRORH. destacar que, desde maio de 2018, esta Pr\u00f3-Reitoria deixou de contar com os profissionais das [&hellip;]<\/p>\n","protected":false},"author":3,"featured_media":0,"parent":2531,"menu_order":0,"comment_status":"closed","ping_status":"closed","template":"","meta":{"_exactmetrics_skip_tracking":false,"_exactmetrics_sitenote_active":false,"_exactmetrics_sitenote_note":"","_exactmetrics_sitenote_category":0,"footnotes":"","_links_to":"","_links_to_target":""},"class_list":["post-2578","page","type-page","status-publish","hentry"],"_links":{"self":[{"href":"https:\/\/www3.unicentro.br\/anuario\/wp-json\/wp\/v2\/pages\/2578","targetHints":{"allow":["GET"]}}],"collection":[{"href":"https:\/\/www3.unicentro.br\/anuario\/wp-json\/wp\/v2\/pages"}],"about":[{"href":"https:\/\/www3.unicentro.br\/anuario\/wp-json\/wp\/v2\/types\/page"}],"author":[{"embeddable":true,"href":"https:\/\/www3.unicentro.br\/anuario\/wp-json\/wp\/v2\/users\/3"}],"replies":[{"embeddable":true,"href":"https:\/\/www3.unicentro.br\/anuario\/wp-json\/wp\/v2\/comments?post=2578"}],"version-history":[{"count":2,"href":"https:\/\/www3.unicentro.br\/anuario\/wp-json\/wp\/v2\/pages\/2578\/revisions"}],"predecessor-version":[{"id":2923,"href":"https:\/\/www3.unicentro.br\/anuario\/wp-json\/wp\/v2\/pages\/2578\/revisions\/2923"}],"up":[{"embeddable":true,"href":"https:\/\/www3.unicentro.br\/anuario\/wp-json\/wp\/v2\/pages\/2531"}],"wp:attachment":[{"href":"https:\/\/www3.unicentro.br\/anuario\/wp-json\/wp\/v2\/media?parent=2578"}],"curies":[{"name":"wp","href":"https:\/\/api.w.org\/{rel}","templated":true}]}}