{"id":21,"date":"2017-04-03T15:53:16","date_gmt":"2017-04-03T18:53:16","guid":{"rendered":"https:\/\/www3.unicentro.br\/anuario\/?page_id=21"},"modified":"2018-04-06T14:09:34","modified_gmt":"2018-04-06T17:09:34","slug":"apresentacao-2016","status":"publish","type":"page","link":"https:\/\/www3.unicentro.br\/anuario\/anuario-2016\/apresentacao-2016\/","title":{"rendered":"Apresenta\u00e7\u00e3o"},"content":{"rendered":"<div class=\"wpb-content-wrapper\"><p>[vc_row][vc_column][vc_column_text]<span style=\"font-size: 18pt;color: #333333\">Apresenta\u00e7\u00e3o<\/span><\/p>\n<p style=\"text-align: justify\"><span style=\"color: #333333\">O objetivo deste Anu\u00e1rio Estat\u00edstico 2017 \u2013 Ano Base 2016 \u2013 \u00e9 oferecer, \u00e0 comunidade da UNICENTRO e \u00e0 sociedade, em geral, um quadro dos principais indicadores de desempenho da institui\u00e7\u00e3o nas \u00e1reas de ensino de gradua\u00e7\u00e3o e p\u00f3s-gradua\u00e7\u00e3o, pesquisa, extens\u00e3o, cultura e presta\u00e7\u00e3o de servi\u00e7os \u00e0 comunidade. Trata-se de um cat\u00e1logo confi\u00e1vel de informa\u00e7\u00f5es sobre o funcionamento da Universidade e importante instrumento para planejamento institucional.<\/span><\/p>\n<p style=\"text-align: justify\"><span style=\"color: #333333\">Durante o ano de 2016 \u2013 base deste Anu\u00e1rio \u2013 importantes conquistas foram verificadas nos campos do ensino de gradua\u00e7\u00e3o e p\u00f3s-gradua\u00e7\u00e3o, nas atividades de inova\u00e7\u00e3o e internacionaliza\u00e7\u00e3o da Universidade e no atendimento \u00e0 comunidade de Guarapuava e regi\u00e3o.<\/span><\/p>\n<p style=\"text-align: justify\"><span style=\"color: #333333\">No ensino de gradua\u00e7\u00e3o, a universidade contou com 7.140 alunos matriculados, distribu\u00eddos em 41 cursos presenciais e quatro cursos a dist\u00e2ncia, em cinco grandes \u00e1reas do conhecimento \u2013 Agr\u00e1rias e Ambientais, Exatas e de Tecnologia, Humanas, Letras e Artes, Sociais Aplicadas e Sa\u00fade.<\/span><\/p>\n<p style=\"text-align: justify\"><span style=\"color: #333333\">Na p\u00f3s-gradua\u00e7\u00e3o, a UNICENTRO, oferece 27 cursos <em>lato sensu<\/em>, 16 programas de mestrado reconhecidos pela CAPES e cinco cursos de doutorado, que abrigaram 4.625, acad\u00eamicos distribu\u00eddos nos <em>campi<\/em> Santa Cruz, Cedeteg e Irati, nos <em>campi<\/em> avan\u00e7ados de Chopinzinho e Prudent\u00f3polis e nos polos presenciais de apoio \u00e0 educa\u00e7\u00e3o a dist\u00e2ncia com as quais a Unicentro mant\u00e9m conv\u00eanios.<\/span><\/p>\n<p style=\"text-align: justify\"><span style=\"color: #333333\">No campo da internacionaliza\u00e7\u00e3o, foram mantidos 92 conv\u00eanios com universidades europeias, norte-americanas, latino-americanas e australianas. A UNICENTRO recebeu 26 acad\u00eamicos estrangeiros e enviou a institui\u00e7\u00f5es estrangeiras conveniadas 33 acad\u00eamicos para complementa\u00e7\u00e3o de sua forma\u00e7\u00e3o.<\/span><\/p>\n<p style=\"text-align: justify\"><span style=\"color: #333333\">Do ponto de vista do atendimento \u00e0 comunidade, a Universidade prestou servi\u00e7os de fisioterapia, enfermagem, psicologia, nutri\u00e7\u00e3o, farm\u00e1cia, fonoaudiologia, orienta\u00e7\u00e3o e prote\u00e7\u00e3o de direitos da inf\u00e2ncia e juventude e medicina veterin\u00e1ria, atendendo mun\u00edcipes de Guarapuava e de toda a regi\u00e3o da \u00e1rea de abrang\u00eancia da Universidade. Nas depend\u00eancias das cl\u00ednicas, laborat\u00f3rios, escrit\u00f3rios e hospital veterin\u00e1rio da Universidade, foram realizados 45.638 atendimentos no ano de 2016.<\/span><\/p>\n<p style=\"text-align: justify\"><span style=\"color: #333333\">Por meio de sua Ag\u00eancia de Inova\u00e7\u00e3o Tecnol\u00f3gica, esta institui\u00e7\u00e3o destacou-se como importante centro de inova\u00e7\u00e3o e tecnologia, com a presta\u00e7\u00e3o de servi\u00e7os de registros de marcas, patentes e direitos autorais, an\u00e1lises da qualidade da \u00e1gua do munic\u00edpio e de combust\u00edveis, e apoio \u00e0 cria\u00e7\u00e3o e implanta\u00e7\u00e3o de empresas de base tecnol\u00f3gica. Ao todo, foram depositadas 48 patentes e registradas 14 marcas criadas com o apoio da Universidade durante 2016.<\/span><\/p>\n<p style=\"text-align: justify\"><span style=\"color: #333333\">A elabora\u00e7\u00e3o dessa base de dados contou com a colabora\u00e7\u00e3o dos \u00f3rg\u00e3os pedag\u00f3gicos e de apoio, da Universidade, aos quais expressamos nossa profunda gratid\u00e3o. Assim, este anu\u00e1rio, como produto de uma constru\u00e7\u00e3o coletiva, consiste em importante reflexo dos n\u00edveis de produtividade e desenvolvimento acad\u00eamico, cient\u00edfico e administrativo da Universidade. Traz um conjunto de informa\u00e7\u00f5es que mostram quanto a UNICENTRO tem evolu\u00eddo e cumprido o seu papel, sendo reconhecida em \u00e2mbito regional, nacional e internacional pela excel\u00eancia dos servi\u00e7os prestados.<\/span><\/p>\n<div id=\"x_yui_3_16_0_ym19_1_1502455047747_67100\" style=\"text-align: justify\"><span style=\"color: #333333\">Finalmente, destacamos o trabalho da equipe executora desse Anu\u00e1rio, em especial, da Diretora de Planejamento, Profa. Roseli de Oliveira Machado, pela coordena\u00e7\u00e3o dos trabalhos, do Diretor de Avalia\u00e7\u00e3o Institucional, Angelo Andr\u00e9 Marafon, pelo apoio e provis\u00e3o de dados, de Elizandro Walter R\u00e3gs\u00e3 Salles Ribeiro e Thalyta Monyelli Olesczuk das Chagas, respons\u00e1veis pelo tratamento dos dados e diagrama\u00e7\u00e3o do material, do Diretor de Publicidade e Propaganda, Lucas Gomes Thim\u00f3teo, pela formula\u00e7\u00e3o do\u00a0<i id=\"x_yui_3_16_0_ym19_1_1502455047747_67101\">layout<\/i>\u00a0gr\u00e1fico, e da Profa. Dalila Oliva de Lima Oliveira, pela revis\u00e3o textual.<\/span><\/div>\n<div><span style=\"color: #333333\">\u00a0<\/span><\/div>\n<p>&nbsp;<\/p>\n<p style=\"text-align: right\"><span style=\"color: #333333\"><strong> Gilberto Franco de Souza<\/strong><\/span><br \/>\n<span style=\"color: #333333\">Pr\u00f3-Reitor de Planejamento da UNICENTRO<\/span><\/p>\n<p>[\/vc_column_text][\/vc_column][\/vc_row]<\/p>\n<\/div>","protected":false},"excerpt":{"rendered":"<p>[vc_row][vc_column][vc_column_text]Apresenta\u00e7\u00e3o O objetivo deste Anu\u00e1rio Estat\u00edstico 2017 \u2013 Ano Base 2016 \u2013 \u00e9 oferecer, \u00e0 comunidade da UNICENTRO e \u00e0 sociedade, em geral, um quadro dos principais indicadores de desempenho da institui\u00e7\u00e3o nas \u00e1reas de ensino de gradua\u00e7\u00e3o e p\u00f3s-gradua\u00e7\u00e3o, pesquisa, extens\u00e3o, cultura e presta\u00e7\u00e3o de servi\u00e7os \u00e0 comunidade. Trata-se de um cat\u00e1logo confi\u00e1vel de [&hellip;]<\/p>\n","protected":false},"author":3,"featured_media":0,"parent":860,"menu_order":0,"comment_status":"closed","ping_status":"closed","template":"","meta":{"_exactmetrics_skip_tracking":false,"_exactmetrics_sitenote_active":false,"_exactmetrics_sitenote_note":"","_exactmetrics_sitenote_category":0,"footnotes":"","_links_to":"","_links_to_target":""},"class_list":["post-21","page","type-page","status-publish","hentry"],"_links":{"self":[{"href":"https:\/\/www3.unicentro.br\/anuario\/wp-json\/wp\/v2\/pages\/21","targetHints":{"allow":["GET"]}}],"collection":[{"href":"https:\/\/www3.unicentro.br\/anuario\/wp-json\/wp\/v2\/pages"}],"about":[{"href":"https:\/\/www3.unicentro.br\/anuario\/wp-json\/wp\/v2\/types\/page"}],"author":[{"embeddable":true,"href":"https:\/\/www3.unicentro.br\/anuario\/wp-json\/wp\/v2\/users\/3"}],"replies":[{"embeddable":true,"href":"https:\/\/www3.unicentro.br\/anuario\/wp-json\/wp\/v2\/comments?post=21"}],"version-history":[{"count":0,"href":"https:\/\/www3.unicentro.br\/anuario\/wp-json\/wp\/v2\/pages\/21\/revisions"}],"up":[{"embeddable":true,"href":"https:\/\/www3.unicentro.br\/anuario\/wp-json\/wp\/v2\/pages\/860"}],"wp:attachment":[{"href":"https:\/\/www3.unicentro.br\/anuario\/wp-json\/wp\/v2\/media?parent=21"}],"curies":[{"name":"wp","href":"https:\/\/api.w.org\/{rel}","templated":true}]}}