{"id":1550,"date":"2019-02-20T17:12:11","date_gmt":"2019-02-20T20:12:11","guid":{"rendered":"https:\/\/www3.unicentro.br\/anuario\/?page_id=1550"},"modified":"2019-06-25T13:53:20","modified_gmt":"2019-06-25T16:53:20","slug":"infra-estrutura","status":"publish","type":"page","link":"https:\/\/www3.unicentro.br\/anuario\/anuario-2018\/infra-estrutura\/","title":{"rendered":"Infraestrutura F\u00edsica"},"content":{"rendered":"<div class=\"wpb-content-wrapper\"><p>[vc_row][vc_column width=&#8221;1\/2&#8243;][vc_column_text]<\/p>\n<p style=\"text-align: justify;\"><span style=\"font-size: 16pt;\">Espa\u00e7o F\u00edsico<\/span><\/p>\n<p style=\"text-align: justify;\" align=\"JUSTIFY\">A Unicentro oferece para seus acad\u00eamicos tr\u00eas <em>campi<\/em> universit\u00e1rios com diferentes cursos, sendo Cedeteg e Santa Cruz, em Guarapuava, e o <em>campus<\/em> de Irati, todos no Estado do Paran\u00e1. Fazendo parte de nossa estrutura, tamb\u00e9m contamos com os <em>campi<\/em> avan\u00e7ados de Laranjeiras do Sul, Coronel Vivida, Chopinzinho, Prudent\u00f3polis e Pitanga.<\/p>\n<p style=\"text-align: justify;\" align=\"JUSTIFY\">Cada um deles t\u00eam blocos did\u00e1ticos, laborat\u00f3rios, salas de aulas e quadras poliesportivas conforme as demandas dos cursos, al\u00e9m de cl\u00ednicas e espa\u00e7os destinados \u00e1s fun\u00e7\u00f5es sociais de atendimento a comunidade ofertados na Universidade.<\/p>\n<p>[\/vc_column_text][\/vc_column][vc_column width=&#8221;1\/2&#8243;][vc_gallery interval=&#8221;5&#8243; images=&#8221;2058,2055,2057,2017,2013,2018,2012&#8243; img_size=&#8221;720&#215;620&#8243; onclick=&#8221;&#8221;][\/vc_column][\/vc_row][vc_row][vc_column][vc_tta_accordion color=&#8221;white&#8221; c_icon=&#8221;chevron&#8221; active_section=&#8221;10&#8243; collapsible_all=&#8221;true&#8221; title=&#8221;\u00c1rea Territorial&#8221;][vc_tta_section title=&#8221;\u00c1rea Total Constru\u00edda&#8221; tab_id=&#8221;1532526564751-63e87b01-c526&#8243;][vc_column_text]<\/p>\n<table border=\"0\" width=\"715\" cellspacing=\"0\">\n<thead>\n<tr>\n<td style=\"text-align: center\" align=\"left\" height=\"17\"><span style=\"font-family: arial, helvetica, sans-serif\"><strong><em>CAMPUS<\/em><\/strong><\/span><\/td>\n<td style=\"text-align: center\" align=\"left\"><span style=\"font-family: arial, helvetica, sans-serif\"><strong>\u00c1REA CONSTRU\u00cdDA<\/strong><\/span><\/td>\n<td style=\"text-align: center\" align=\"left\"><span style=\"font-family: arial, helvetica, sans-serif\"><strong>\u00c1REA DE PAVIMENTOS T\u00c9RREOS<\/strong><\/span><\/td>\n<td style=\"text-align: center\" align=\"left\"><span style=\"font-family: arial, helvetica, sans-serif\"><strong>\u00c1REA TERRENO<\/strong><\/span><\/td>\n<td style=\"text-align: center\" align=\"left\"><span style=\"font-family: arial, helvetica, sans-serif\"><strong>OUTROS PAVIMENTOS<\/strong><\/span><\/td>\n<td style=\"text-align: center\" align=\"left\"><span style=\"font-family: arial, helvetica, sans-serif\"><strong>\u00c1REA URBANIZADA<\/strong><\/span><\/td>\n<td style=\"text-align: center\" align=\"left\"><span style=\"font-family: arial, helvetica, sans-serif\"><strong>\u00c1REA ACAD\u00caMICA<\/strong><\/span><\/td>\n<\/tr>\n<\/thead>\n<caption><span style=\"font-family: arial, helvetica, sans-serif\"><strong>\u00c1REA TERRITORIAL EM M\u00b2 POR <em>CAMPUS<\/em> \u2013 2018<\/strong><\/span><\/caption>\n<colgroup width=\"293\"><\/colgroup>\n<colgroup width=\"108\"><\/colgroup>\n<colgroup width=\"133\"><\/colgroup>\n<colgroup width=\"85\"><\/colgroup>\n<colgroup width=\"120\"><\/colgroup>\n<colgroup width=\"85\"><\/colgroup>\n<tbody>\n<tr>\n<td style=\"text-align: left\" align=\"left\" height=\"17\"><span style=\"font-family: arial, helvetica, sans-serif\">Santa Cruz \u2013 Guarapuava<\/span><\/td>\n<td style=\"text-align: right\" align=\"right\"><span style=\"font-family: arial, helvetica, sans-serif\">22.670,46<\/span><\/td>\n<td style=\"text-align: right\" align=\"right\"><span style=\"font-family: arial, helvetica, sans-serif\">8.711,25<\/span><\/td>\n<td style=\"text-align: right\" align=\"right\"><span style=\"font-family: arial, helvetica, sans-serif\">28.388,00<\/span><\/td>\n<td style=\"text-align: right\" align=\"right\"><span style=\"font-family: arial, helvetica, sans-serif\">13.959,21<\/span><\/td>\n<td style=\"text-align: right\" align=\"right\"><span style=\"font-family: arial, helvetica, sans-serif\">21.800,00<\/span><\/td>\n<td style=\"text-align: right\" align=\"right\"><span style=\"font-family: arial, helvetica, sans-serif\">22.670,46<\/span><\/td>\n<\/tr>\n<tr>\n<td style=\"text-align: left\" align=\"left\" height=\"17\"><span style=\"font-family: arial, helvetica, sans-serif\">Cedeteg \u2013 Guarapuava<\/span><\/td>\n<td style=\"text-align: right\" align=\"right\"><span style=\"font-family: arial, helvetica, sans-serif\">35.842,76<\/span><\/td>\n<td style=\"text-align: right\" align=\"right\"><span style=\"font-family: arial, helvetica, sans-serif\">30.968,26<\/span><\/td>\n<td style=\"text-align: right\" align=\"right\"><span style=\"font-family: arial, helvetica, sans-serif\">1.058.950,71<\/span><\/td>\n<td style=\"text-align: right\" align=\"right\"><span style=\"font-family: arial, helvetica, sans-serif\">4.874,50<\/span><\/td>\n<td style=\"text-align: right\" align=\"right\"><span style=\"font-family: arial, helvetica, sans-serif\">274.554,00<\/span><\/td>\n<td style=\"text-align: right\" align=\"right\"><span style=\"font-family: arial, helvetica, sans-serif\">36.013,52<\/span><\/td>\n<\/tr>\n<tr>\n<td style=\"text-align: left\" align=\"left\" height=\"17\"><span style=\"font-family: arial, helvetica, sans-serif\">Irati<\/span><\/td>\n<td style=\"text-align: right\" align=\"right\"><span style=\"font-family: arial, helvetica, sans-serif\">22.529,36<\/span><\/td>\n<td style=\"text-align: right\" align=\"right\"><span style=\"font-family: arial, helvetica, sans-serif\">15.844,81<\/span><\/td>\n<td style=\"text-align: right\" align=\"right\"><span style=\"font-family: arial, helvetica, sans-serif\">735.089,00<\/span><\/td>\n<td style=\"text-align: right\" align=\"right\"><span style=\"font-family: arial, helvetica, sans-serif\">6.684,55<\/span><\/td>\n<td style=\"text-align: right\" align=\"right\"><span style=\"font-family: arial, helvetica, sans-serif\">129.152,00<\/span><\/td>\n<td style=\"text-align: right\" align=\"right\"><span style=\"font-family: arial, helvetica, sans-serif\">22.529,36<\/span><\/td>\n<\/tr>\n<tr>\n<td style=\"text-align: left\" align=\"left\" height=\"17\"><span style=\"font-family: arial, helvetica, sans-serif\">Avan\u00e7ado\u00a0Laranjeiras do Sul<\/span><\/td>\n<td style=\"text-align: right\" align=\"right\"><span style=\"font-family: arial, helvetica, sans-serif\">1.590,10<\/span><\/td>\n<td style=\"text-align: right\" align=\"right\"><span style=\"font-family: arial, helvetica, sans-serif\">895,05<\/span><\/td>\n<td style=\"text-align: right\" align=\"right\"><span style=\"font-family: arial, helvetica, sans-serif\">24.200,00<\/span><\/td>\n<td style=\"text-align: right\" align=\"right\"><span style=\"font-family: arial, helvetica, sans-serif\">695,05<\/span><\/td>\n<td style=\"text-align: center\" align=\"right\"><span style=\"font-family: arial, helvetica, sans-serif\">&#8212;<\/span><\/td>\n<td style=\"text-align: center\" align=\"right\"><span style=\"font-family: arial, helvetica, sans-serif\">&#8212;<\/span><\/td>\n<\/tr>\n<tr>\n<td style=\"text-align: left\" align=\"left\" height=\"17\"><span style=\"font-family: arial, helvetica, sans-serif\">Avan\u00e7ado Coronel Vivida<\/span><\/td>\n<td style=\"text-align: right\" align=\"left\"><span style=\"font-family: arial, helvetica, sans-serif\">256,60<\/span><\/td>\n<td style=\"text-align: right\" align=\"right\"><span style=\"font-family: arial, helvetica, sans-serif\">175,13<\/span><\/td>\n<td style=\"text-align: right\" align=\"right\"><span style=\"font-family: arial, helvetica, sans-serif\">460,00<\/span><\/td>\n<td style=\"text-align: right\" align=\"right\"><span style=\"font-family: arial, helvetica, sans-serif\">81,47<\/span><\/td>\n<td style=\"text-align: center\" align=\"right\"><span style=\"font-family: arial, helvetica, sans-serif\">&#8212;<\/span><\/td>\n<td style=\"text-align: center\" align=\"right\"><span style=\"font-family: arial, helvetica, sans-serif\">&#8212;<\/span><\/td>\n<\/tr>\n<tr>\n<td style=\"text-align: left\" align=\"left\" height=\"17\"><span style=\"font-family: arial, helvetica, sans-serif\"><strong>TOTAL GERAL<\/strong><\/span><\/td>\n<td style=\"text-align: right\" align=\"right\"><span style=\"font-family: arial, helvetica, sans-serif\"><strong>82.889,28<\/strong><\/span><\/td>\n<td style=\"text-align: right\" align=\"right\"><span style=\"font-family: arial, helvetica, sans-serif\"><strong>56.594,50<\/strong><\/span><\/td>\n<td style=\"text-align: right\" align=\"right\"><span style=\"font-family: arial, helvetica, sans-serif\"><strong>1.847.087,71<\/strong><\/span><\/td>\n<td style=\"text-align: right\" align=\"right\"><span style=\"font-family: arial, helvetica, sans-serif\"><strong>26.294,78<\/strong><\/span><\/td>\n<td style=\"text-align: right\" align=\"right\"><span style=\"font-family: arial, helvetica, sans-serif\"><strong>425.506,00<\/strong><\/span><\/td>\n<td style=\"text-align: right\" align=\"right\"><span style=\"font-family: arial, helvetica, sans-serif\"><strong>81.213,02<\/strong><\/span><\/td>\n<\/tr>\n<\/tbody>\n<\/table>\n<p>[\/vc_column_text][\/vc_tta_section][vc_tta_section title=&#8221;Audit\u00f3rios por <i>Campus<\/i>&#8221; tab_id=&#8221;1532526564754-0c123d34-9872&#8243;][vc_column_text]<\/p>\n<table class=\" aligncenter\" width=\"780\">\n<tfoot>\n<tr>\n<td colspan=\"3\">\n<p style=\"text-align: justify\"><span style=\"font-family: arial, helvetica, sans-serif\">Siglas:<br \/>\nAmbiotec &#8211; Centro de Pesquisas Avan\u00e7adas em Biotecnologia, Bioenergia e Meio Ambiente da Regi\u00e3o Centro-Sul do Paran\u00e1;<br \/>\n<\/span><span style=\"font-family: arial, helvetica, sans-serif\">Integ &#8211; Incubadora Tecnol\u00f3gica;<br \/>\nNovatec &#8211; Ag\u00eancia de Inova\u00e7\u00e3o Tecnol\u00f3gica;<br \/>\nPDE &#8211; Programa de Desenvolvimento Educacional;<br \/>\nPPGBIO &#8211; Programa de P\u00f3s-Gradua\u00e7\u00e3o em Biologia;<br \/>\nPPGG &#8211; Programa de P\u00f3s-Gradua\u00e7\u00e3o em Geografia;<br \/>\nPPGQ &#8211; Programa de P\u00f3s-Gradua\u00e7\u00e3o em Qu\u00edmica; e<br \/>\nPPGA &#8211; Programa de P\u00f3s-Gradua\u00e7\u00e3o em Agronomia.<\/span><\/td>\n<\/tr>\n<\/tfoot>\n<thead>\n<tr>\n<td style=\"text-align: center\"><strong><span style=\"font-family: arial, helvetica, sans-serif\">AUDIT\u00d3RIO<\/span><\/strong><\/td>\n<td style=\"text-align: center\"><strong><em><span style=\"font-family: arial, helvetica, sans-serif\">CAMPUS<\/span><\/em><\/strong><\/td>\n<td style=\"text-align: center\"><strong><span style=\"font-family: arial, helvetica, sans-serif\">\u00c1REA (M\u00b2)<\/span><\/strong><\/td>\n<\/tr>\n<\/thead>\n<tbody>\n<tr>\n<td style=\"text-align: left\"><span style=\"font-family: arial, helvetica, sans-serif\">Francisco Contini<\/span><\/td>\n<td style=\"text-align: left\"><span style=\"font-family: arial, helvetica, sans-serif\">Santa Cruz<\/span><\/td>\n<td style=\"text-align: right\"><span style=\"font-family: arial, helvetica, sans-serif\">468,19<\/span><\/td>\n<\/tr>\n<tr>\n<td style=\"text-align: left\"><span style=\"font-family: arial, helvetica, sans-serif\">Miniaudit\u00f3rio<\/span><\/td>\n<td style=\"text-align: left\"><span style=\"font-family: arial, helvetica, sans-serif\">Santa Cruz<\/span><\/td>\n<td style=\"text-align: right\"><span style=\"font-family: arial, helvetica, sans-serif\">107,95<\/span><\/td>\n<\/tr>\n<tr>\n<td style=\"text-align: left\"><span style=\"font-family: arial, helvetica, sans-serif\">Cinema<\/span><\/td>\n<td style=\"text-align: left\"><span style=\"font-family: arial, helvetica, sans-serif\">Santa Cruz<\/span><\/td>\n<td style=\"text-align: right\"><span style=\"font-family: arial, helvetica, sans-serif\">100,93<\/span><\/td>\n<\/tr>\n<tr>\n<td style=\"text-align: left\"><span style=\"font-family: arial, helvetica, sans-serif\">Sala de Eventos<\/span><\/td>\n<td style=\"text-align: left\"><span style=\"font-family: arial, helvetica, sans-serif\">Santa Cruz<\/span><\/td>\n<td style=\"text-align: right\"><span style=\"font-family: arial, helvetica, sans-serif\">108,00<\/span><\/td>\n<\/tr>\n<tr>\n<td style=\"text-align: left\"><span style=\"font-family: arial, helvetica, sans-serif\">Central<\/span><\/td>\n<td style=\"text-align: left\"><span style=\"font-family: arial, helvetica, sans-serif\">Cedeteg<\/span><\/td>\n<td style=\"text-align: right\"><span style=\"font-family: arial, helvetica, sans-serif\">254,13<\/span><\/td>\n<\/tr>\n<tr>\n<td style=\"text-align: left\"><span style=\"font-family: arial, helvetica, sans-serif\">Miniaudit\u00f3rio Lidec<\/span><\/td>\n<td style=\"text-align: left\"><span style=\"font-family: arial, helvetica, sans-serif\">Cedeteg<\/span><\/td>\n<td style=\"text-align: right\"><span style=\"font-family: arial, helvetica, sans-serif\">123,27<\/span><\/td>\n<\/tr>\n<tr>\n<td style=\"text-align: left\"><span style=\"font-family: arial, helvetica, sans-serif\">Miniaudit\u00f3rio Integ<\/span><\/td>\n<td style=\"text-align: left\"><span style=\"font-family: arial, helvetica, sans-serif\">Cedeteg<\/span><\/td>\n<td style=\"text-align: right\"><span style=\"font-family: arial, helvetica, sans-serif\">22,21<\/span><\/td>\n<\/tr>\n<tr>\n<td style=\"text-align: left\"><span style=\"font-family: arial, helvetica, sans-serif\">Miniaudit\u00f3rio Novatec<\/span><\/td>\n<td style=\"text-align: left\"><span style=\"font-family: arial, helvetica, sans-serif\">Cedeteg<\/span><\/td>\n<td style=\"text-align: right\"><span style=\"font-family: arial, helvetica, sans-serif\">45,58<\/span><\/td>\n<\/tr>\n<tr>\n<td style=\"text-align: left\"><span style=\"font-family: arial, helvetica, sans-serif\">Miniaudit\u00f3rio PDE<\/span><\/td>\n<td style=\"text-align: left\"><span style=\"font-family: arial, helvetica, sans-serif\">Cedeteg<\/span><\/td>\n<td style=\"text-align: right\"><span style=\"font-family: arial, helvetica, sans-serif\">176,15<\/span><\/td>\n<\/tr>\n<tr>\n<td style=\"text-align: left\"><span style=\"font-family: arial, helvetica, sans-serif\">Miniaudit\u00f3rio PPGBIO\u00a0<\/span><\/td>\n<td style=\"text-align: left\"><span style=\"font-family: arial, helvetica, sans-serif\">Cedeteg<\/span><\/td>\n<td style=\"text-align: right\"><span style=\"font-family: arial, helvetica, sans-serif\">176,15<\/span><\/td>\n<\/tr>\n<tr>\n<td style=\"text-align: left\"><span style=\"font-family: arial, helvetica, sans-serif\">Miniaudit\u00f3rio PPGG\u00a0<\/span><\/td>\n<td style=\"text-align: left\"><span style=\"font-family: arial, helvetica, sans-serif\">Cedeteg<\/span><\/td>\n<td style=\"text-align: right\"><span style=\"font-family: arial, helvetica, sans-serif\">83,30\u00a0<\/span><\/td>\n<\/tr>\n<tr>\n<td style=\"text-align: left\"><span style=\"font-family: arial, helvetica, sans-serif\">Miniaudit\u00f3rio PPGQ\u00a0<\/span><\/td>\n<td style=\"text-align: left\"><span style=\"font-family: arial, helvetica, sans-serif\">Cedeteg<\/span><\/td>\n<td style=\"text-align: right\"><span style=\"font-family: arial, helvetica, sans-serif\">84,99<\/span><\/td>\n<\/tr>\n<tr>\n<td style=\"text-align: left\"><span style=\"font-family: arial, helvetica, sans-serif\">Miniaudit\u00f3rio PPGA\u00a0<\/span><\/td>\n<td style=\"text-align: left\"><span style=\"font-family: arial, helvetica, sans-serif\">Cedeteg<\/span><\/td>\n<td style=\"text-align: right\"><span style=\"font-family: arial, helvetica, sans-serif\">81,70<\/span><\/td>\n<\/tr>\n<tr>\n<td style=\"text-align: left\"><span style=\"font-family: arial, helvetica, sans-serif\">Miniaudit\u00f3rio\u00a0Centro Mesorregional<\/span><\/td>\n<td style=\"text-align: left\"><span style=\"font-family: arial, helvetica, sans-serif\">Cedeteg<\/span><\/td>\n<td style=\"text-align: right\"><span style=\"font-family: arial, helvetica, sans-serif\">138,40<\/span><\/td>\n<\/tr>\n<tr>\n<td style=\"text-align: left\"><span style=\"font-family: arial, helvetica, sans-serif\">Miniaudit\u00f3rio Ambiotec<\/span><\/td>\n<td style=\"text-align: left\"><span style=\"font-family: arial, helvetica, sans-serif\">Cedeteg<\/span><\/td>\n<td style=\"text-align: right\"><span style=\"font-family: arial, helvetica, sans-serif\">111,00<\/span><\/td>\n<\/tr>\n<tr>\n<td style=\"text-align: left\"><span style=\"font-family: arial, helvetica, sans-serif\">Denise Stoklos<\/span><\/td>\n<td style=\"text-align: left\"><span style=\"font-family: arial, helvetica, sans-serif\">Irati<\/span><\/td>\n<td style=\"text-align: right\"><span style=\"font-family: arial, helvetica, sans-serif\">468,19<\/span><\/td>\n<\/tr>\n<tr>\n<td style=\"text-align: left\"><span style=\"font-family: arial, helvetica, sans-serif\">Miniaudit\u00f3rio<\/span><\/td>\n<td style=\"text-align: left\"><span style=\"font-family: arial, helvetica, sans-serif\">Irati<\/span><\/td>\n<td style=\"text-align: right\"><span style=\"font-family: arial, helvetica, sans-serif\">107,95<\/span><\/td>\n<\/tr>\n<\/tbody>\n<\/table>\n<p>[\/vc_column_text][\/vc_tta_section][vc_tta_section title=&#8221;Outros Espa\u00e7os&#8221; tab_id=&#8221;1532526564757-05b9eed4-948f&#8221;][vc_column_text]<\/p>\n<table class=\" aligncenter\">\n<caption><strong><span style=\"font-family: arial, helvetica, sans-serif\">OUTROS ESPA\u00c7OS POR <em>CAMPUS<\/em> EM M\u00b2<\/span><\/strong><\/caption>\n<thead>\n<tr>\n<td style=\"text-align: center\"><strong><span style=\"font-family: arial, helvetica, sans-serif\">ESPA\u00c7O<\/span><\/strong><\/td>\n<td style=\"text-align: center\"><strong><span style=\"font-family: arial, helvetica, sans-serif\">SANTA CRUZ<\/span><\/strong><\/td>\n<td style=\"text-align: center\"><strong><span style=\"font-family: arial, helvetica, sans-serif\">CEDETEG<\/span><\/strong><\/td>\n<td style=\"text-align: center\"><strong><span style=\"font-family: arial, helvetica, sans-serif\">IRATI<\/span><\/strong><\/td>\n<\/tr>\n<\/thead>\n<tbody>\n<tr>\n<td style=\"text-align: left\"><span style=\"font-family: arial, helvetica, sans-serif\">Salas de Aula<\/span><\/td>\n<td style=\"text-align: right\"><span style=\"font-family: arial, helvetica, sans-serif\">2.920,57<\/span><\/td>\n<td style=\"text-align: right\"><span style=\"font-family: arial, helvetica, sans-serif\">4.639,08<\/span><\/td>\n<td style=\"text-align: right\"><span style=\"font-family: arial, helvetica, sans-serif\">2.753,76<\/span><\/td>\n<\/tr>\n<tr>\n<td style=\"text-align: left\"><span style=\"font-family: arial, helvetica, sans-serif\">Blocos de Pesquisa<\/span><\/td>\n<td style=\"text-align: right\"><span style=\"font-family: arial, helvetica, sans-serif\">903,80<\/span><\/td>\n<td style=\"text-align: right\"><span style=\"font-family: arial, helvetica, sans-serif\">8.239,83<\/span><\/td>\n<td style=\"text-align: right\"><span style=\"font-family: arial, helvetica, sans-serif\">2.007,48<\/span><\/td>\n<\/tr>\n<tr>\n<td style=\"text-align: left\"><span style=\"font-family: arial, helvetica, sans-serif\">Administrativo<\/span><\/td>\n<td style=\"text-align: right\"><span style=\"font-family: arial, helvetica, sans-serif\">5.806,10<\/span><\/td>\n<td style=\"text-align: right\"><span style=\"font-family: arial, helvetica, sans-serif\">4.178,04<\/span><\/td>\n<td style=\"text-align: right\"><span style=\"font-family: arial, helvetica, sans-serif\">2.593,94<\/span><\/td>\n<\/tr>\n<tr>\n<td style=\"text-align: left\"><span style=\"font-family: arial, helvetica, sans-serif\">Setores do Conhecimento<\/span><\/td>\n<td style=\"text-align: right\"><span style=\"font-family: arial, helvetica, sans-serif\">202,49<\/span><\/td>\n<td style=\"text-align: right\"><span style=\"font-family: arial, helvetica, sans-serif\">116,75<\/span><\/td>\n<td style=\"text-align: right\"><span style=\"font-family: arial, helvetica, sans-serif\">164,85<\/span><\/td>\n<\/tr>\n<tr>\n<td style=\"text-align: left\"><span style=\"font-family: arial, helvetica, sans-serif\">Departamentos<\/span><\/td>\n<td style=\"text-align: right\"><span style=\"font-family: arial, helvetica, sans-serif\">2.167,46<\/span><\/td>\n<td style=\"text-align: right\"><span style=\"font-family: arial, helvetica, sans-serif\">35.846,96<\/span><\/td>\n<td style=\"text-align: right\"><span style=\"font-family: arial, helvetica, sans-serif\">3.232,57<\/span><\/td>\n<\/tr>\n<\/tbody>\n<\/table>\n<p>[\/vc_column_text][\/vc_tta_section][\/vc_tta_accordion][\/vc_column][\/vc_row]<\/p>\n<\/div>","protected":false},"excerpt":{"rendered":"<p>[vc_row][vc_column width=&#8221;1\/2&#8243;][vc_column_text] Espa\u00e7o F\u00edsico A Unicentro oferece para seus acad\u00eamicos tr\u00eas campi universit\u00e1rios com diferentes cursos, sendo Cedeteg e Santa Cruz, em Guarapuava, e o campus de Irati, todos no Estado do Paran\u00e1. Fazendo parte de nossa estrutura, tamb\u00e9m contamos com os campi avan\u00e7ados de Laranjeiras do Sul, Coronel Vivida, Chopinzinho, Prudent\u00f3polis e Pitanga. Cada [&hellip;]<\/p>\n","protected":false},"author":3,"featured_media":0,"parent":1542,"menu_order":0,"comment_status":"closed","ping_status":"closed","template":"","meta":{"_exactmetrics_skip_tracking":false,"_exactmetrics_sitenote_active":false,"_exactmetrics_sitenote_note":"","_exactmetrics_sitenote_category":0,"footnotes":"","_links_to":"","_links_to_target":""},"class_list":["post-1550","page","type-page","status-publish","hentry"],"_links":{"self":[{"href":"https:\/\/www3.unicentro.br\/anuario\/wp-json\/wp\/v2\/pages\/1550","targetHints":{"allow":["GET"]}}],"collection":[{"href":"https:\/\/www3.unicentro.br\/anuario\/wp-json\/wp\/v2\/pages"}],"about":[{"href":"https:\/\/www3.unicentro.br\/anuario\/wp-json\/wp\/v2\/types\/page"}],"author":[{"embeddable":true,"href":"https:\/\/www3.unicentro.br\/anuario\/wp-json\/wp\/v2\/users\/3"}],"replies":[{"embeddable":true,"href":"https:\/\/www3.unicentro.br\/anuario\/wp-json\/wp\/v2\/comments?post=1550"}],"version-history":[{"count":0,"href":"https:\/\/www3.unicentro.br\/anuario\/wp-json\/wp\/v2\/pages\/1550\/revisions"}],"up":[{"embeddable":true,"href":"https:\/\/www3.unicentro.br\/anuario\/wp-json\/wp\/v2\/pages\/1542"}],"wp:attachment":[{"href":"https:\/\/www3.unicentro.br\/anuario\/wp-json\/wp\/v2\/media?parent=1550"}],"curies":[{"name":"wp","href":"https:\/\/api.w.org\/{rel}","templated":true}]}}