{"id":47,"date":"2026-04-30T10:48:02","date_gmt":"2026-04-30T13:48:02","guid":{"rendered":"https:\/\/www3.unicentro.br\/ambiotec\/?page_id=47"},"modified":"2026-04-30T10:48:02","modified_gmt":"2026-04-30T13:48:02","slug":"institucional","status":"publish","type":"page","link":"https:\/\/www3.unicentro.br\/ambiotec\/institucional\/","title":{"rendered":"Institucional"},"content":{"rendered":"<p>O Centro de Pesquisas Avan\u00e7adas Ambientais, Bioenerg\u00e9ticas e Biotecnol\u00f3gicas, Ambiotec, do C\u00e2mpus Cedeteg (https:\/\/pnipe.mcti.gov.br\/laboratory\/25301) foi viabilizado por meio do edital Finep CT-Infra\/Proinfra \u2013 Chamada P\u00fablica 02\/2010 e iniciou as atividades no ano de 2013. Para a sua consolida\u00e7\u00e3o, o Ambiotec foi equipado com recursos aprovados em outros editais FINEP, a exemplo da Chamada P\u00fablica 03\/2009 MCT\/Finep\/CT-Infra\u2013Abruem, al\u00e9m de contrapartidas da Secretaria da Ci\u00eancia, Tecnologia e Ensino Superior \u2013 Seti-PR e do aporte de ag\u00eancias parcerias como Capes, CNPq e Funda\u00e7\u00e3o Arauc\u00e1ria. Trata-se de uma importante infraestrutura multiusu\u00e1ria de pesquisa, de uso compartilhado, sendo constitu\u00eddo por laborat\u00f3rios e equipamentos que permitem a realiza\u00e7\u00e3o de pesquisas de docentes e discentes vinculados aos Programas de P\u00f3s-Gradua\u00e7\u00e3o em Agronomia (PPGA), Bioenergia (PPGB), Biologia Evolutiva (PPGBE) e Geografia (PPGG), al\u00e9m de prestar atendimento aos demais PPGs e demandas externas, integrando a Rede de Infraestrutura Multiusu\u00e1ria de Pesquisa do Paran\u00e1 \u2013 RIMPP, <a href=\"https:\/\/www.seti.pr.gov.br\/Galeria-de-Imagens\/Rede-de-Infraestrutura-Multiusuaria-de-Pesquisa-do-Parana-RIMPP\">https:\/\/www.seti.pr.gov.br\/Galeria-de-Imagens\/Rede-de-Infraestrutura-Multiusuaria-de-Pesquisa-do-Parana-RIMPP<\/a><\/p>\n<p>A estrutura do Ambiotec tem contribu\u00eddo significativamente para a forma\u00e7\u00e3o de recursos humanos altamente qualificados, apoiando atividades experimentais de mestrado, doutorado e Inicia\u00e7\u00e3o Cient\u00edfica e Tecnol\u00f3gica. Al\u00e9m disso, o Ambiotec favorece a integra\u00e7\u00e3o entre grupos de pesquisa, ampliando a capacidade institucional de capta\u00e7\u00e3o de recursos e execu\u00e7\u00e3o de projetos cient\u00edficos competitivos. A infraestrutura possibilita a realiza\u00e7\u00e3o de an\u00e1lises especializadas e o desenvolvimento de tecnologias voltadas \u00e0 agricultura, ao uso sustent\u00e1vel da biodiversidade e dos recursos naturais, energias renov\u00e1veis e emerg\u00eancia clim\u00e1tica. Dessa forma, o Ambiotec se consolida como ambiente de inova\u00e7\u00e3o cient\u00edfica e forma\u00e7\u00e3o avan\u00e7ada, fortalecendo a produ\u00e7\u00e3o acad\u00eamica e a inser\u00e7\u00e3o da Unicentro em redes nacionais e internacionais de pesquisa.<\/p>\n<p>Cadastrado na Plataforma Nacional de Infraestrutura de Pesquisa do MCTI, PNIPE: <strong><a href=\"https:\/\/pnipe.mcti.gov.br\/laboratory\/25301\">https:\/\/pnipe.mcti.gov.br\/laboratory\/25301<\/a> <\/strong><\/p>\n<p>&nbsp;<\/p>\n","protected":false},"excerpt":{"rendered":"<p>O Centro de Pesquisas Avan\u00e7adas Ambientais, Bioenerg\u00e9ticas e Biotecnol\u00f3gicas, Ambiotec, do C\u00e2mpus Cedeteg (https:\/\/pnipe.mcti.gov.br\/laboratory\/25301) foi viabilizado por meio do edital Finep CT-Infra\/Proinfra \u2013 Chamada P\u00fablica 02\/2010 e iniciou as atividades no ano de 2013. Para a sua consolida\u00e7\u00e3o, o Ambiotec foi equipado com recursos aprovados em outros editais FINEP, a exemplo da Chamada P\u00fablica 03\/2009 [&hellip;]<\/p>\n","protected":false},"author":3,"featured_media":0,"parent":0,"menu_order":0,"comment_status":"closed","ping_status":"closed","template":"","meta":{"_exactmetrics_skip_tracking":false,"_exactmetrics_sitenote_active":false,"_exactmetrics_sitenote_note":"","_exactmetrics_sitenote_category":0,"footnotes":"","_links_to":"","_links_to_target":""},"class_list":["post-47","page","type-page","status-publish","hentry"],"_links":{"self":[{"href":"https:\/\/www3.unicentro.br\/ambiotec\/wp-json\/wp\/v2\/pages\/47","targetHints":{"allow":["GET"]}}],"collection":[{"href":"https:\/\/www3.unicentro.br\/ambiotec\/wp-json\/wp\/v2\/pages"}],"about":[{"href":"https:\/\/www3.unicentro.br\/ambiotec\/wp-json\/wp\/v2\/types\/page"}],"author":[{"embeddable":true,"href":"https:\/\/www3.unicentro.br\/ambiotec\/wp-json\/wp\/v2\/users\/3"}],"replies":[{"embeddable":true,"href":"https:\/\/www3.unicentro.br\/ambiotec\/wp-json\/wp\/v2\/comments?post=47"}],"version-history":[{"count":1,"href":"https:\/\/www3.unicentro.br\/ambiotec\/wp-json\/wp\/v2\/pages\/47\/revisions"}],"predecessor-version":[{"id":48,"href":"https:\/\/www3.unicentro.br\/ambiotec\/wp-json\/wp\/v2\/pages\/47\/revisions\/48"}],"wp:attachment":[{"href":"https:\/\/www3.unicentro.br\/ambiotec\/wp-json\/wp\/v2\/media?parent=47"}],"curies":[{"name":"wp","href":"https:\/\/api.w.org\/{rel}","templated":true}]}}